{"id":18664,"date":"2023-01-23T18:33:21","date_gmt":"2023-01-23T16:33:21","guid":{"rendered":"https:\/\/grifk-handball.com\/miehet\/?page_id=18664"},"modified":"2024-09-06T12:01:40","modified_gmt":"2024-09-06T09:01:40","slug":"handistv","status":"publish","type":"page","link":"https:\/\/grifk-handball.com\/miehet\/handistv\/","title":{"rendered":"Kaikki GrIFK:n ottelut HandisTV:ll\u00e4"},"content":{"rendered":"<div id='vipkortit'  class='avia-section av-6a185ej-3a0ba39bf7f4e3cd4e533779b82185ad main_color avia-section-default avia-no-shadow  avia-builder-el-0  avia-builder-el-no-sibling  avia-bg-style-scroll container_wrap sidebar_right'  ><div class='container av-section-cont-open' ><main  role=\"main\" itemprop=\"mainContentOfPage\"  class='template-page content  av-content-small alpha units'><div class='post-entry post-entry-type-page post-entry-18664'><div class='entry-content-wrapper clearfix'>\n<div  class='flex_column av-5lpb87v-f3cf76a71114fbeff3e1337af67bfe13 av_one_full  avia-builder-el-1  el_before_av_two_third  avia-builder-el-first  first flex_column_div  '     ><style type=\"text\/css\" data-created_by=\"avia_inline_auto\" id=\"style-css-av-ktmx2muj-52bc466fb7451e05059ddb2f92ac0024\">\n#top .av-special-heading.av-ktmx2muj-52bc466fb7451e05059ddb2f92ac0024{\npadding-bottom:10px;\n}\nbody .av-special-heading.av-ktmx2muj-52bc466fb7451e05059ddb2f92ac0024 .av-special-heading-tag .heading-char{\nfont-size:25px;\n}\n.av-special-heading.av-ktmx2muj-52bc466fb7451e05059ddb2f92ac0024 .av-subheading{\nfont-size:15px;\n}\n<\/style>\n<div  class='av-special-heading av-ktmx2muj-52bc466fb7451e05059ddb2f92ac0024 av-special-heading-h1 blockquote modern-quote  avia-builder-el-2  avia-builder-el-no-sibling '><h1 class='av-special-heading-tag '  itemprop=\"headline\"  >Kaikki GrIFK:n ottelut HandisTV:ll\u00e4!<\/h1><div class=\"special-heading-border\"><div class=\"special-heading-inner-border\"><\/div><\/div><\/div><\/div><div class='flex_column_table av-5ebjbrv-30f5bd0473b395c42b450b97501cb888 sc-av_two_third av-equal-height-column-flextable'>\n<style type=\"text\/css\" data-created_by=\"avia_inline_auto\" id=\"style-css-av-5ebjbrv-30f5bd0473b395c42b450b97501cb888\">\n.flex_column.av-5ebjbrv-30f5bd0473b395c42b450b97501cb888{\nborder-radius:0px 0px 0px 0px;\npadding:0px 0px 0px 0px;\n}\n<\/style>\n<div  class='flex_column av-5ebjbrv-30f5bd0473b395c42b450b97501cb888 av_two_third  avia-builder-el-3  el_after_av_one_full  el_before_av_one_third  first flex_column_table_cell av-equal-height-column av-align-top av-zero-column-padding  column-top-margin'     ><section  class='av_textblock_section av-4qgl9bv-7aa8fe4e79083341a0ee3dbea3307210 '   itemscope=\"itemscope\" itemtype=\"https:\/\/schema.org\/CreativeWork\" ><div class='avia_textblock'  itemprop=\"text\" ><h3 style=\"text-align: left;\">HandisTV:n Kausipassilla tai kuukausikannattajana p\u00e4\u00e4set n\u00e4kem\u00e4\u00e4n GrIFK:n ottelut siell\u00e4 miss\u00e4 ja milloin itse haluat, my\u00f6s j\u00e4lkik\u00e4teen!<\/h3>\n<\/div><\/section><br \/>\n<section  class='av_textblock_section av-49xr2u3-ee441624ff71e0134bed07804da6dfcf '   itemscope=\"itemscope\" itemtype=\"https:\/\/schema.org\/CreativeWork\" ><div class='avia_textblock'  itemprop=\"text\" ><p>Suomalaiset k\u00e4sipallo-ottelut on nyt koottu osoitteeseen Handis.tv, joka n\u00e4ytt\u00e4\u00e4 kaikki Aktialiigan ottelut suorina nettil\u00e4hetyksin\u00e4 &#8211; suuri osa kotiotteluista selostuksen kera!<\/p>\n<h4>Koko kausi, kuukausi tai ottelu kerrallaan \u2013 tuet samalla suosikkijoukkuettasi<\/h4>\n<p>Voit katsoa kaikki SM-liigan ottelut koko kauden All Access-kausipassilla tai kuukausi kerrallaan. Siirry GrIFK Elitin sivulle HandisTV:ss\u00e4 ja valitse itsellesi sopivin vaihtoehto. Tuet joukkuetta ja n\u00e4et samalla my\u00f6s kaikkien muidenkin liigajoukkueiden kaikki Aktialiigan ottelut.<\/p>\n<h4>Voit my\u00f6s ostaa katseluoikeuden yksitt\u00e4iseen otteluun<\/h4>\n<p>Yksitt\u00e4isen ottelun maksu ei sis\u00e4ll\u00e4 muita sarjan otteluja.<\/p>\n<h4><strong><a href=\"https:\/\/aktialiiga.fi\/handistv\/\" target=\"_blank\" rel=\"noopener\">Katso tarkemmat tiedot &gt;<\/a><\/strong><\/h4>\n<\/div><\/section><\/p><\/div><div class='av-flex-placeholder'><\/div>\n<style type=\"text\/css\" data-created_by=\"avia_inline_auto\" id=\"style-css-av-3spywfc-95d3be777d741b2615663429040ab6ce\">\n.flex_column.av-3spywfc-95d3be777d741b2615663429040ab6ce{\nborder-radius:0px 0px 0px 0px;\npadding:0px 0px 0px 0px;\n}\n<\/style>\n<div  class='flex_column av-3spywfc-95d3be777d741b2615663429040ab6ce av_one_third  avia-builder-el-6  el_after_av_two_third  el_before_av_hr  flex_column_table_cell av-equal-height-column av-align-top av-zero-column-padding  column-top-margin'     ><p>\n<style type=\"text\/css\" data-created_by=\"avia_inline_auto\" id=\"style-css-av-3hmtwh4-9ecbbad174826ff67e14326a682c6c4a\">\n.avia-image-container.av-3hmtwh4-9ecbbad174826ff67e14326a682c6c4a img.avia_image{\nbox-shadow:none;\n}\n.avia-image-container.av-3hmtwh4-9ecbbad174826ff67e14326a682c6c4a .av-image-caption-overlay-center{\ncolor:#ffffff;\n}\n<\/style>\n<div  class='avia-image-container av-3hmtwh4-9ecbbad174826ff67e14326a682c6c4a av-styling- av-img-linked avia_animated_image av-animated-when-visible-95 fade-in avia-align-center  avia-builder-el-7  el_before_av_hr  avia-builder-el-first '   itemprop=\"image\" itemscope=\"itemscope\" itemtype=\"https:\/\/schema.org\/ImageObject\" ><div class=\"avia-image-container-inner\"><div class=\"avia-image-overlay-wrap\"><a href=\"https:\/\/msm.finnhandball.net\/handistv\/\" class='avia_image '  target=\"_blank\"  rel=\"noopener noreferrer\" aria-label='HandisTV'><img decoding=\"async\" fetchpriority=\"high\" class='wp-image-18650 avia-img-lazy-loading-not-18650 avia_image ' src=\"https:\/\/i0.wp.com\/grifk-handball.com\/miehet\/wp-content\/uploads\/sites\/2\/2023\/01\/HandisTV-logo-sininen.png?fit=300%2C125&ssl=1\" alt='' title='HandisTV'  height=\"125\" width=\"300\"  itemprop=\"thumbnailUrl\" srcset=\"https:\/\/i0.wp.com\/grifk-handball.com\/miehet\/wp-content\/uploads\/sites\/2\/2023\/01\/HandisTV-logo-sininen.png?w=1920&amp;ssl=1 1920w, https:\/\/i0.wp.com\/grifk-handball.com\/miehet\/wp-content\/uploads\/sites\/2\/2023\/01\/HandisTV-logo-sininen.png?resize=300%2C125&amp;ssl=1 300w, https:\/\/i0.wp.com\/grifk-handball.com\/miehet\/wp-content\/uploads\/sites\/2\/2023\/01\/HandisTV-logo-sininen.png?resize=1030%2C429&amp;ssl=1 1030w, https:\/\/i0.wp.com\/grifk-handball.com\/miehet\/wp-content\/uploads\/sites\/2\/2023\/01\/HandisTV-logo-sininen.png?resize=768%2C320&amp;ssl=1 768w, https:\/\/i0.wp.com\/grifk-handball.com\/miehet\/wp-content\/uploads\/sites\/2\/2023\/01\/HandisTV-logo-sininen.png?resize=1536%2C640&amp;ssl=1 1536w, https:\/\/i0.wp.com\/grifk-handball.com\/miehet\/wp-content\/uploads\/sites\/2\/2023\/01\/HandisTV-logo-sininen.png?resize=1500%2C625&amp;ssl=1 1500w, https:\/\/i0.wp.com\/grifk-handball.com\/miehet\/wp-content\/uploads\/sites\/2\/2023\/01\/HandisTV-logo-sininen.png?resize=705%2C294&amp;ssl=1 705w\" sizes=\"(max-width: 300px) 100vw, 300px\" \/><\/a><\/div><\/div><\/div><br \/>\n\n<style type=\"text\/css\" data-created_by=\"avia_inline_auto\" id=\"style-css-av-2zfssq0-a0f786e3596f8fb36e6e694ae9e13c60\">\n#top .hr.hr-invisible.av-2zfssq0-a0f786e3596f8fb36e6e694ae9e13c60{\nheight:10px;\n}\n<\/style>\n<div  class='hr av-2zfssq0-a0f786e3596f8fb36e6e694ae9e13c60 hr-invisible  avia-builder-el-8  el_after_av_image  el_before_av_button_big  avia-builder-el-last '><span class='hr-inner '><span class=\"hr-inner-style\"><\/span><\/span><\/div><br \/>\n<div  class='avia-button-wrap avia-button-center  avia-builder-el-9  el_after_av_hr  el_before_av_hr '>\n<style type=\"text\/css\" data-created_by=\"avia_inline_auto\" id=\"style-css-av-9kjy6g-c2abcb4a01e11790a5ef658ad88285ff\">\n#top #wrap_all .avia-button.av-9kjy6g-c2abcb4a01e11790a5ef658ad88285ff{\nbackground-color:#0051a9;\nborder-color:#0051a9;\ntransition:all 0.4s ease-in-out;\n}\n#top #wrap_all .avia-button.av-9kjy6g-c2abcb4a01e11790a5ef658ad88285ff:hover{\ncolor:black;\ntransition:all 0.4s ease-in-out;\n}\n#top #wrap_all .avia-button.av-9kjy6g-c2abcb4a01e11790a5ef658ad88285ff:hover .avia-svg-icon svg:first-child{\nfill:black;\nstroke:black;\n}\n<\/style>\n<a href='https:\/\/handis.tv\/grifk-miehet\/pass' class='avia-font-color-theme-color avia-button avia-button-fullwidth av-9kjy6g-c2abcb4a01e11790a5ef658ad88285ff avia-icon_select-no avia-color-custom'  target=\"_blank\"  rel=\"noopener noreferrer\"  aria-label=\"Kausipassi 76 \u20ac\"><span class='avia_iconbox_title' >Kausipassi 76 \u20ac<\/span><span class='avia_button_background avia-button avia-button-fullwidth avia-color-theme-color-subtle'><\/span><\/a><\/div><br \/>\n\n<style type=\"text\/css\" data-created_by=\"avia_inline_auto\" id=\"style-css-av-26ouzuw-1ab222101de0398f6fa3290d28dc46ec\">\n#top .hr.hr-invisible.av-26ouzuw-1ab222101de0398f6fa3290d28dc46ec{\nheight:10px;\n}\n<\/style>\n<div  class='hr av-26ouzuw-1ab222101de0398f6fa3290d28dc46ec hr-invisible  avia-builder-el-10  el_after_av_button_big  el_before_av_button_big  avia-builder-el-no-sibling '><span class='hr-inner '><span class=\"hr-inner-style\"><\/span><\/span><\/div><br \/>\n<div  class='avia-button-wrap avia-button-center  avia-builder-el-11  el_after_av_hr  el_before_av_hr '>\n<style type=\"text\/css\" data-created_by=\"avia_inline_auto\" id=\"style-css-av-1oman54-b33951df00d28433ddb9e17a6c522ecb\">\n#top #wrap_all .avia-button.av-1oman54-b33951df00d28433ddb9e17a6c522ecb{\nbackground-color:#0051a9;\nborder-color:#0051a9;\ntransition:all 0.4s ease-in-out;\n}\n#top #wrap_all .avia-button.av-1oman54-b33951df00d28433ddb9e17a6c522ecb:hover{\ncolor:black;\ntransition:all 0.4s ease-in-out;\n}\n#top #wrap_all .avia-button.av-1oman54-b33951df00d28433ddb9e17a6c522ecb:hover .avia-svg-icon svg:first-child{\nfill:black;\nstroke:black;\n}\n<\/style>\n<a href='https:\/\/handis.tv\/grifk-miehet\/subscriptions' class='avia-font-color-theme-color avia-button avia-button-fullwidth av-1oman54-b33951df00d28433ddb9e17a6c522ecb avia-icon_select-no avia-color-custom'  target=\"_blank\"  rel=\"noopener noreferrer\"  aria-label=\"Kuukausikannatus alk. 10,90 \u20ac\"><span class='avia_iconbox_title' >Kuukausikannatus alk. 10,90 \u20ac<\/span><span class='avia_button_background avia-button avia-button-fullwidth avia-color-theme-color-subtle'><\/span><\/a><\/div><br \/>\n\n<style type=\"text\/css\" data-created_by=\"avia_inline_auto\" id=\"style-css-av-12gfnd4-9a42d5c053193b0503198b0a0839d59b\">\n#top .hr.hr-invisible.av-12gfnd4-9a42d5c053193b0503198b0a0839d59b{\nheight:10px;\n}\n<\/style>\n<div  class='hr av-12gfnd4-9a42d5c053193b0503198b0a0839d59b hr-invisible  avia-builder-el-12  el_after_av_button_big  el_before_av_button_big  avia-builder-el-no-sibling '><span class='hr-inner '><span class=\"hr-inner-style\"><\/span><\/span><\/div><br \/>\n<div  class='avia-button-wrap avia-button-center  avia-builder-el-13  el_after_av_hr  avia-builder-el-last '>\n<style type=\"text\/css\" data-created_by=\"avia_inline_auto\" id=\"style-css-av-prs6dk-621f0fcb8a060f100e46e0baf2818cc8\">\n#top #wrap_all .avia-button.av-prs6dk-621f0fcb8a060f100e46e0baf2818cc8{\nbackground-color:#0051a9;\nborder-color:#0051a9;\ntransition:all 0.4s ease-in-out;\n}\n#top #wrap_all .avia-button.av-prs6dk-621f0fcb8a060f100e46e0baf2818cc8:hover{\ncolor:black;\ntransition:all 0.4s ease-in-out;\n}\n#top #wrap_all .avia-button.av-prs6dk-621f0fcb8a060f100e46e0baf2818cc8:hover .avia-svg-icon svg:first-child{\nfill:black;\nstroke:black;\n}\n<\/style>\n<a href='https:\/\/handis.tv\/grifk-miehet\/games' class='avia-font-color-theme-color avia-button avia-button-fullwidth av-prs6dk-621f0fcb8a060f100e46e0baf2818cc8 avia-icon_select-no avia-color-custom'  target=\"_blank\"  rel=\"noopener noreferrer\"  aria-label=\"Yksitt\u00e4inen ottelu alk. 6,90 \u20ac\"><span class='avia_iconbox_title' >Yksitt\u00e4inen ottelu alk. 6,90 \u20ac<\/span><span class='avia_button_background avia-button avia-button-fullwidth avia-color-theme-color-subtle'><\/span><\/a><\/div><\/p><\/div><\/div><!--close column table wrapper. Autoclose: 1 -->\n<style type=\"text\/css\" data-created_by=\"avia_inline_auto\" id=\"style-css-av-legy20rs-4cc539d7343ad8861b1cf5c52e172b51\">\n#top .hr.hr-invisible.av-legy20rs-4cc539d7343ad8861b1cf5c52e172b51{\nheight:30px;\n}\n<\/style>\n<div  class='hr av-legy20rs-4cc539d7343ad8861b1cf5c52e172b51 hr-invisible  avia-builder-el-14  el_after_av_one_third  avia-builder-el-last '><span class='hr-inner '><span class=\"hr-inner-style\"><\/span><\/span><\/div>\n<\/div><\/div><\/main><!-- close content main element --><\/div><\/div><div id='after_section_1'  class='main_color av_default_container_wrap container_wrap sidebar_right'  ><div class='container av-section-cont-open' ><div class='template-page content  av-content-small alpha units'><div class='post-entry post-entry-type-page post-entry-18664'><div class='entry-content-wrapper clearfix'>\n","protected":false},"excerpt":{"rendered":"","protected":false},"author":1,"featured_media":20190,"parent":0,"menu_order":0,"comment_status":"closed","ping_status":"closed","template":"","meta":{"_acf_changed":false,"footnotes":""},"tags":[],"class_list":["post-18664","page","type-page","status-publish","has-post-thumbnail","hentry"],"acf":[],"yoast_head":"<!-- This site is optimized with the Yoast SEO plugin v27.5 - https:\/\/yoast.com\/product\/yoast-seo-wordpress\/ -->\n<title>Kaikki GrIFK:n ottelut HandisTV:ll\u00e4 &#8212; GrIFK K\u00e4sipallo - miehet<\/title>\n<meta name=\"robots\" content=\"index, follow, max-snippet:-1, max-image-preview:large, max-video-preview:-1\" \/>\n<link rel=\"canonical\" href=\"https:\/\/grifk-handball.com\/miehet\/handistv\/\" \/>\n<meta property=\"og:locale\" content=\"fi_FI\" \/>\n<meta property=\"og:type\" content=\"article\" \/>\n<meta property=\"og:title\" content=\"Kaikki GrIFK:n ottelut HandisTV:ll\u00e4 &#8212; GrIFK K\u00e4sipallo - miehet\" \/>\n<meta property=\"og:url\" content=\"https:\/\/grifk-handball.com\/miehet\/handistv\/\" \/>\n<meta property=\"og:site_name\" content=\"GrIFK K\u00e4sipallo - miehet\" \/>\n<meta property=\"article:publisher\" content=\"https:\/\/www.facebook.com\/GrIFKelit\/\" \/>\n<meta property=\"article:modified_time\" content=\"2024-09-06T09:01:40+00:00\" \/>\n<meta property=\"og:image\" content=\"https:\/\/grifk-handball.com\/miehet\/wp-content\/uploads\/sites\/2\/2023\/09\/B7A3526-1030x687.jpg\" \/>\n\t<meta property=\"og:image:width\" content=\"1030\" \/>\n\t<meta property=\"og:image:height\" content=\"687\" \/>\n\t<meta property=\"og:image:type\" content=\"image\/jpeg\" \/>\n<meta name=\"twitter:card\" content=\"summary_large_image\" \/>\n<meta name=\"twitter:site\" content=\"@GrIFK_MSM\" \/>\n<meta name=\"twitter:label1\" content=\"Arvioitu lukuaika\" \/>\n\t<meta name=\"twitter:data1\" content=\"1 minuutti\" \/>\n<script type=\"application\/ld+json\" class=\"yoast-schema-graph\">{\"@context\":\"https:\\\/\\\/schema.org\",\"@graph\":[{\"@type\":\"WebPage\",\"@id\":\"https:\\\/\\\/grifk-handball.com\\\/miehet\\\/handistv\\\/\",\"url\":\"https:\\\/\\\/grifk-handball.com\\\/miehet\\\/handistv\\\/\",\"name\":\"Kaikki GrIFK:n ottelut HandisTV:ll\u00e4 &#8212; GrIFK K\u00e4sipallo - miehet\",\"isPartOf\":{\"@id\":\"https:\\\/\\\/grifk-handball.com\\\/miehet\\\/#website\"},\"primaryImageOfPage\":{\"@id\":\"https:\\\/\\\/grifk-handball.com\\\/miehet\\\/handistv\\\/#primaryimage\"},\"image\":{\"@id\":\"https:\\\/\\\/grifk-handball.com\\\/miehet\\\/handistv\\\/#primaryimage\"},\"thumbnailUrl\":\"https:\\\/\\\/i0.wp.com\\\/grifk-handball.com\\\/miehet\\\/wp-content\\\/uploads\\\/sites\\\/2\\\/2023\\\/09\\\/B7A3526-scaled.jpg?fit=2560%2C1707&ssl=1\",\"datePublished\":\"2023-01-23T16:33:21+00:00\",\"dateModified\":\"2024-09-06T09:01:40+00:00\",\"breadcrumb\":{\"@id\":\"https:\\\/\\\/grifk-handball.com\\\/miehet\\\/handistv\\\/#breadcrumb\"},\"inLanguage\":\"fi\",\"potentialAction\":[{\"@type\":\"ReadAction\",\"target\":[\"https:\\\/\\\/grifk-handball.com\\\/miehet\\\/handistv\\\/\"]}]},{\"@type\":\"ImageObject\",\"inLanguage\":\"fi\",\"@id\":\"https:\\\/\\\/grifk-handball.com\\\/miehet\\\/handistv\\\/#primaryimage\",\"url\":\"https:\\\/\\\/i0.wp.com\\\/grifk-handball.com\\\/miehet\\\/wp-content\\\/uploads\\\/sites\\\/2\\\/2023\\\/09\\\/B7A3526-scaled.jpg?fit=2560%2C1707&ssl=1\",\"contentUrl\":\"https:\\\/\\\/i0.wp.com\\\/grifk-handball.com\\\/miehet\\\/wp-content\\\/uploads\\\/sites\\\/2\\\/2023\\\/09\\\/B7A3526-scaled.jpg?fit=2560%2C1707&ssl=1\",\"width\":2560,\"height\":1707},{\"@type\":\"BreadcrumbList\",\"@id\":\"https:\\\/\\\/grifk-handball.com\\\/miehet\\\/handistv\\\/#breadcrumb\",\"itemListElement\":[{\"@type\":\"ListItem\",\"position\":1,\"name\":\"Home\",\"item\":\"https:\\\/\\\/grifk-handball.com\\\/miehet\\\/etusivu-260109\\\/\"},{\"@type\":\"ListItem\",\"position\":2,\"name\":\"Kaikki GrIFK:n ottelut HandisTV:ll\u00e4\"}]},{\"@type\":\"WebSite\",\"@id\":\"https:\\\/\\\/grifk-handball.com\\\/miehet\\\/#website\",\"url\":\"https:\\\/\\\/grifk-handball.com\\\/miehet\\\/\",\"name\":\"GrIFK K\u00e4sipallo - miehet\",\"description\":\"BomBom!\",\"publisher\":{\"@id\":\"https:\\\/\\\/grifk-handball.com\\\/miehet\\\/#organization\"},\"potentialAction\":[{\"@type\":\"SearchAction\",\"target\":{\"@type\":\"EntryPoint\",\"urlTemplate\":\"https:\\\/\\\/grifk-handball.com\\\/miehet\\\/?s={search_term_string}\"},\"query-input\":{\"@type\":\"PropertyValueSpecification\",\"valueRequired\":true,\"valueName\":\"search_term_string\"}}],\"inLanguage\":\"fi\"},{\"@type\":\"Organization\",\"@id\":\"https:\\\/\\\/grifk-handball.com\\\/miehet\\\/#organization\",\"name\":\"GrIFK K\u00e4sipallo - miehet\",\"url\":\"https:\\\/\\\/grifk-handball.com\\\/miehet\\\/\",\"logo\":{\"@type\":\"ImageObject\",\"inLanguage\":\"fi\",\"@id\":\"https:\\\/\\\/grifk-handball.com\\\/miehet\\\/#\\\/schema\\\/logo\\\/image\\\/\",\"url\":\"https:\\\/\\\/i0.wp.com\\\/grifk-handball.com\\\/miehet\\\/wp-content\\\/uploads\\\/sites\\\/2\\\/2016\\\/10\\\/logo-grifk-iso.png?fit=1200%2C1400&ssl=1\",\"contentUrl\":\"https:\\\/\\\/i0.wp.com\\\/grifk-handball.com\\\/miehet\\\/wp-content\\\/uploads\\\/sites\\\/2\\\/2016\\\/10\\\/logo-grifk-iso.png?fit=1200%2C1400&ssl=1\",\"width\":1200,\"height\":1400,\"caption\":\"GrIFK K\u00e4sipallo - miehet\"},\"image\":{\"@id\":\"https:\\\/\\\/grifk-handball.com\\\/miehet\\\/#\\\/schema\\\/logo\\\/image\\\/\"},\"sameAs\":[\"https:\\\/\\\/www.facebook.com\\\/GrIFKelit\\\/\",\"https:\\\/\\\/x.com\\\/GrIFK_MSM\",\"https:\\\/\\\/www.instagram.com\\\/grifk_elit\\\/\"]}]}<\/script>\n<!-- \/ Yoast SEO plugin. -->","yoast_head_json":{"title":"Kaikki GrIFK:n ottelut HandisTV:ll\u00e4 &#8212; GrIFK K\u00e4sipallo - miehet","robots":{"index":"index","follow":"follow","max-snippet":"max-snippet:-1","max-image-preview":"max-image-preview:large","max-video-preview":"max-video-preview:-1"},"canonical":"https:\/\/grifk-handball.com\/miehet\/handistv\/","og_locale":"fi_FI","og_type":"article","og_title":"Kaikki GrIFK:n ottelut HandisTV:ll\u00e4 &#8212; GrIFK K\u00e4sipallo - miehet","og_url":"https:\/\/grifk-handball.com\/miehet\/handistv\/","og_site_name":"GrIFK K\u00e4sipallo - miehet","article_publisher":"https:\/\/www.facebook.com\/GrIFKelit\/","article_modified_time":"2024-09-06T09:01:40+00:00","og_image":[{"width":1030,"height":687,"url":"https:\/\/grifk-handball.com\/miehet\/wp-content\/uploads\/sites\/2\/2023\/09\/B7A3526-1030x687.jpg","type":"image\/jpeg"}],"twitter_card":"summary_large_image","twitter_site":"@GrIFK_MSM","twitter_misc":{"Arvioitu lukuaika":"1 minuutti"},"schema":{"@context":"https:\/\/schema.org","@graph":[{"@type":"WebPage","@id":"https:\/\/grifk-handball.com\/miehet\/handistv\/","url":"https:\/\/grifk-handball.com\/miehet\/handistv\/","name":"Kaikki GrIFK:n ottelut HandisTV:ll\u00e4 &#8212; GrIFK K\u00e4sipallo - miehet","isPartOf":{"@id":"https:\/\/grifk-handball.com\/miehet\/#website"},"primaryImageOfPage":{"@id":"https:\/\/grifk-handball.com\/miehet\/handistv\/#primaryimage"},"image":{"@id":"https:\/\/grifk-handball.com\/miehet\/handistv\/#primaryimage"},"thumbnailUrl":"https:\/\/i0.wp.com\/grifk-handball.com\/miehet\/wp-content\/uploads\/sites\/2\/2023\/09\/B7A3526-scaled.jpg?fit=2560%2C1707&ssl=1","datePublished":"2023-01-23T16:33:21+00:00","dateModified":"2024-09-06T09:01:40+00:00","breadcrumb":{"@id":"https:\/\/grifk-handball.com\/miehet\/handistv\/#breadcrumb"},"inLanguage":"fi","potentialAction":[{"@type":"ReadAction","target":["https:\/\/grifk-handball.com\/miehet\/handistv\/"]}]},{"@type":"ImageObject","inLanguage":"fi","@id":"https:\/\/grifk-handball.com\/miehet\/handistv\/#primaryimage","url":"https:\/\/i0.wp.com\/grifk-handball.com\/miehet\/wp-content\/uploads\/sites\/2\/2023\/09\/B7A3526-scaled.jpg?fit=2560%2C1707&ssl=1","contentUrl":"https:\/\/i0.wp.com\/grifk-handball.com\/miehet\/wp-content\/uploads\/sites\/2\/2023\/09\/B7A3526-scaled.jpg?fit=2560%2C1707&ssl=1","width":2560,"height":1707},{"@type":"BreadcrumbList","@id":"https:\/\/grifk-handball.com\/miehet\/handistv\/#breadcrumb","itemListElement":[{"@type":"ListItem","position":1,"name":"Home","item":"https:\/\/grifk-handball.com\/miehet\/etusivu-260109\/"},{"@type":"ListItem","position":2,"name":"Kaikki GrIFK:n ottelut HandisTV:ll\u00e4"}]},{"@type":"WebSite","@id":"https:\/\/grifk-handball.com\/miehet\/#website","url":"https:\/\/grifk-handball.com\/miehet\/","name":"GrIFK K\u00e4sipallo - miehet","description":"BomBom!","publisher":{"@id":"https:\/\/grifk-handball.com\/miehet\/#organization"},"potentialAction":[{"@type":"SearchAction","target":{"@type":"EntryPoint","urlTemplate":"https:\/\/grifk-handball.com\/miehet\/?s={search_term_string}"},"query-input":{"@type":"PropertyValueSpecification","valueRequired":true,"valueName":"search_term_string"}}],"inLanguage":"fi"},{"@type":"Organization","@id":"https:\/\/grifk-handball.com\/miehet\/#organization","name":"GrIFK K\u00e4sipallo - miehet","url":"https:\/\/grifk-handball.com\/miehet\/","logo":{"@type":"ImageObject","inLanguage":"fi","@id":"https:\/\/grifk-handball.com\/miehet\/#\/schema\/logo\/image\/","url":"https:\/\/i0.wp.com\/grifk-handball.com\/miehet\/wp-content\/uploads\/sites\/2\/2016\/10\/logo-grifk-iso.png?fit=1200%2C1400&ssl=1","contentUrl":"https:\/\/i0.wp.com\/grifk-handball.com\/miehet\/wp-content\/uploads\/sites\/2\/2016\/10\/logo-grifk-iso.png?fit=1200%2C1400&ssl=1","width":1200,"height":1400,"caption":"GrIFK K\u00e4sipallo - miehet"},"image":{"@id":"https:\/\/grifk-handball.com\/miehet\/#\/schema\/logo\/image\/"},"sameAs":["https:\/\/www.facebook.com\/GrIFKelit\/","https:\/\/x.com\/GrIFK_MSM","https:\/\/www.instagram.com\/grifk_elit\/"]}]}},"jetpack_shortlink":"https:\/\/wp.me\/P9jQ9a-4R2","_links":{"self":[{"href":"https:\/\/grifk-handball.com\/miehet\/wp-json\/wp\/v2\/pages\/18664","targetHints":{"allow":["GET"]}}],"collection":[{"href":"https:\/\/grifk-handball.com\/miehet\/wp-json\/wp\/v2\/pages"}],"about":[{"href":"https:\/\/grifk-handball.com\/miehet\/wp-json\/wp\/v2\/types\/page"}],"author":[{"embeddable":true,"href":"https:\/\/grifk-handball.com\/miehet\/wp-json\/wp\/v2\/users\/1"}],"replies":[{"embeddable":true,"href":"https:\/\/grifk-handball.com\/miehet\/wp-json\/wp\/v2\/comments?post=18664"}],"version-history":[{"count":9,"href":"https:\/\/grifk-handball.com\/miehet\/wp-json\/wp\/v2\/pages\/18664\/revisions"}],"predecessor-version":[{"id":22586,"href":"https:\/\/grifk-handball.com\/miehet\/wp-json\/wp\/v2\/pages\/18664\/revisions\/22586"}],"wp:featuredmedia":[{"embeddable":true,"href":"https:\/\/grifk-handball.com\/miehet\/wp-json\/wp\/v2\/media\/20190"}],"wp:attachment":[{"href":"https:\/\/grifk-handball.com\/miehet\/wp-json\/wp\/v2\/media?parent=18664"}],"wp:term":[{"taxonomy":"post_tag","embeddable":true,"href":"https:\/\/grifk-handball.com\/miehet\/wp-json\/wp\/v2\/tags?post=18664"}],"curies":[{"name":"wp","href":"https:\/\/api.w.org\/{rel}","templated":true}]}}