{"id":44,"date":"2016-07-03T20:40:08","date_gmt":"2016-07-03T20:40:08","guid":{"rendered":"http:\/\/c3451.paas1.ams.modxcloud.com\/?page_id=44"},"modified":"2025-09-08T09:55:15","modified_gmt":"2025-09-08T06:55:15","slug":"luola","status":"publish","type":"page","link":"https:\/\/grifk-handball.com\/naiset\/luola\/","title":{"rendered":"Kotihalli"},"content":{"rendered":"<div id='full_slider_1'  class='avia-fullwidth-slider main_color avia-shadow   avia-builder-el-0  el_before_av_three_fourth  avia-builder-el-first   container_wrap sidebar_right'  >\n<style type=\"text\/css\" data-created_by=\"avia_inline_auto\" id=\"style-css-av-lslo-a231c3a4e916834ad9dd13125f15f606\">\n#top #wrap_all .avia-slideshow .av-slideshow-caption.av-lslo-a231c3a4e916834ad9dd13125f15f606__0 .avia-caption-title{\nfont-size:60px;\n}\n#top .avia-slideshow .av-slideshow-caption.av-lslo-a231c3a4e916834ad9dd13125f15f606__0 .avia-caption-content{\nfont-size:40px;\n}\n#top .avia-slideshow .av-slideshow-caption.av-lslo-a231c3a4e916834ad9dd13125f15f606__0 .avia-caption-content p{\nfont-size:40px;\n}\n\n@media only screen and (min-width: 768px) and (max-width: 989px){ \n#top #wrap_all .avia-slideshow .av-slideshow-caption.av-lslo-a231c3a4e916834ad9dd13125f15f606__0 .avia-caption-title{\nfont-size:48px;\n}\n#top .avia-slideshow .av-slideshow-caption.av-lslo-a231c3a4e916834ad9dd13125f15f606__0 .avia-caption-content{\nfont-size:28px;\n}\n#top .avia-slideshow .av-slideshow-caption.av-lslo-a231c3a4e916834ad9dd13125f15f606__0 .avia-caption-content p{\nfont-size:28px;\n}\n}\n\n@media only screen and (min-width: 480px) and (max-width: 767px){ \n#top #wrap_all .avia-slideshow .av-slideshow-caption.av-lslo-a231c3a4e916834ad9dd13125f15f606__0 .avia-caption-title{\nfont-size:44px;\n}\n#top .avia-slideshow .av-slideshow-caption.av-lslo-a231c3a4e916834ad9dd13125f15f606__0 .avia-caption-content{\nfont-size:24px;\n}\n#top .avia-slideshow .av-slideshow-caption.av-lslo-a231c3a4e916834ad9dd13125f15f606__0 .avia-caption-content p{\nfont-size:24px;\n}\n}\n\n@media only screen and (max-width: 479px){ \n#top #wrap_all .avia-slideshow .av-slideshow-caption.av-lslo-a231c3a4e916834ad9dd13125f15f606__0 .avia-caption-title{\nfont-size:40px;\n}\n#top .avia-slideshow .av-slideshow-caption.av-lslo-a231c3a4e916834ad9dd13125f15f606__0 .avia-caption-content{\nfont-size:20px;\n}\n#top .avia-slideshow .av-slideshow-caption.av-lslo-a231c3a4e916834ad9dd13125f15f606__0 .avia-caption-content p{\nfont-size:20px;\n}\n}\n<\/style>\n<div  class='avia-slideshow av-lslo-a231c3a4e916834ad9dd13125f15f606 avia-slideshow-featured_large av_slideshow_full avia-slide-slider av-slideshow-ui av-control-default av-slideshow-manual av-loop-once av-loop-manual-endless av-default-height-applied   avia-slideshow-1' data-slideshow-options=\"{&quot;animation&quot;:&quot;slide&quot;,&quot;autoplay&quot;:false,&quot;loop_autoplay&quot;:&quot;once&quot;,&quot;interval&quot;:5,&quot;loop_manual&quot;:&quot;manual-endless&quot;,&quot;autoplay_stopper&quot;:false,&quot;noNavigation&quot;:false,&quot;bg_slider&quot;:false,&quot;keep_padding&quot;:false,&quot;hoverpause&quot;:false,&quot;show_slide_delay&quot;:0}\"  itemprop=\"image\" itemscope=\"itemscope\" itemtype=\"https:\/\/schema.org\/ImageObject\" ><ul class='avia-slideshow-inner ' style='padding-bottom: 42%;'><li  class='avia-slideshow-slide av-lslo-a231c3a4e916834ad9dd13125f15f606__0  av-single-slide slide-1 slide-odd'><div data-rel='slideshow-1' class='avia-slide-wrap '   ><div class='av-slideshow-caption av-lslo-a231c3a4e916834ad9dd13125f15f606__0 caption_fullwidth caption_center caption_center_framed caption_framed'><div class=\"container caption_container\"><div class=\"slideshow_caption\"><div class=\"slideshow_inner_caption\"><div class=\"slideshow_align_caption\"><h2 class='avia-caption-title '  itemprop=\"name\" >Kauniaisten palloiluhalli<\/h2><div class='avia-caption-content '  itemprop=\"description\" ><p>Legendaarinen &#8221;Luola&#8221;<\/p>\n<\/div><\/div><\/div><\/div><\/div><\/div><img decoding=\"async\" fetchpriority=\"high\" class=\"wp-image-10736 avia-img-lazy-loading-not-10736\"  src=\"https:\/\/grifk-handball.com\/naiset\/wp-content\/uploads\/sites\/3\/2023\/05\/PUBLIK-cr-Jonas-Tana-1500x630.jpg\" width=\"1500\" height=\"630\" title='PUBLIK cr Jonas Tana' alt=''  itemprop=\"thumbnailUrl\"   \/><\/div><\/li><\/ul><\/div><\/div><div id='after_full_slider_1'  class='main_color av_default_container_wrap container_wrap sidebar_right'  ><div class='container av-section-cont-open' ><div class='template-page content  av-content-small alpha units'><div class='post-entry post-entry-type-page post-entry-44'><div class='entry-content-wrapper clearfix'>\n\n<style type=\"text\/css\" data-created_by=\"avia_inline_auto\" id=\"style-css-av-53i7g-6be0625864ed4dedcd64515faf39e94d\">\n.flex_column.av-53i7g-6be0625864ed4dedcd64515faf39e94d{\nborder-radius:0px 0px 0px 0px;\npadding:0px 0px 0px 0px;\n}\n<\/style>\n<div  class='flex_column av-53i7g-6be0625864ed4dedcd64515faf39e94d av_three_fourth  avia-builder-el-1  el_after_av_slideshow_full  el_before_av_one_fourth  avia-builder-el-first  first flex_column_div av-zero-column-padding  '     ><style type=\"text\/css\" data-created_by=\"avia_inline_auto\" id=\"style-css-av-4d5ac-5b95160b4f1c9df041e5993736c68ffc\">\n#top .av_textblock_section.av-4d5ac-5b95160b4f1c9df041e5993736c68ffc .avia_textblock{\nfont-size:14px;\n}\n<\/style>\n<section  class='av_textblock_section av-4d5ac-5b95160b4f1c9df041e5993736c68ffc '   itemscope=\"itemscope\" itemtype=\"https:\/\/schema.org\/CreativeWork\" ><div class='avia_textblock'  itemprop=\"text\" ><p data-start=\"61\" data-end=\"336\">Kauniaisten <strong data-start=\"73\" data-end=\"84\">\u201dLuola\u201d<\/strong> on kallion sis\u00e4\u00e4n louhitun v\u00e4est\u00f6nsuojan yhteyteen rakennettu monitoimihalli. Sen palloiluhallissa voi k\u00e4sipallon lis\u00e4ksi pelata muun muassa salibandya ja sulkapalloa. Lis\u00e4ksi hallista l\u00f6ytyy tenniskentt\u00e4, kuntosali sek\u00e4 tilat kalliosein\u00e4kiipeilyyn.<\/p>\n<p data-start=\"61\" data-end=\"336\">Palloiluhalli valmistui vuonna 1988 ja koki laajan remontin kes\u00e4ll\u00e4 2003. Uusi pelialusta asennettiin kes\u00e4ll\u00e4 2007, ja katsomorakenteet uusittiin vuotta my\u00f6hemmin. Asematien puoleinen uusi sis\u00e4\u00e4nk\u00e4ynti otettiin k\u00e4ytt\u00f6\u00f6n syksyll\u00e4 2009.<\/p>\n<p data-start=\"61\" data-end=\"336\">Nykyisin Luolan k\u00e4sipallokent\u00e4n katsomoon mahtuu noin 700 katsojaa. Hallissa on pelattu lukuisia miesten, naisten ja juniorien k\u00e4sipallomaaotteluita.<\/p>\n<p data-start=\"61\" data-end=\"336\">Tervetuloa!<\/p>\n<\/div><\/section><\/div>\n<style type=\"text\/css\" data-created_by=\"avia_inline_auto\" id=\"style-css-av-3s3hs-b9d700ce01838e9c1c2b937b682abd54\">\n.flex_column.av-3s3hs-b9d700ce01838e9c1c2b937b682abd54{\nborder-radius:0px 0px 0px 0px;\npadding:0px 0px 0px 0px;\n}\n<\/style>\n<div  class='flex_column av-3s3hs-b9d700ce01838e9c1c2b937b682abd54 av_one_fourth  avia-builder-el-3  el_after_av_three_fourth  el_before_av_one_full  flex_column_div av-zero-column-padding  '     ><style type=\"text\/css\" data-created_by=\"avia_inline_auto\" id=\"style-css-av-3bq7w-d8cc95caa4c0f9dc185c54357ac3dd81\">\n#top .av_textblock_section.av-3bq7w-d8cc95caa4c0f9dc185c54357ac3dd81 .avia_textblock{\nfont-size:14px;\n}\n<\/style>\n<section  class='av_textblock_section av-3bq7w-d8cc95caa4c0f9dc185c54357ac3dd81 '   itemscope=\"itemscope\" itemtype=\"https:\/\/schema.org\/CreativeWork\" ><div class='avia_textblock'  itemprop=\"text\" ><p><strong>Kauniaisten palloiluhalli<\/strong><br \/>\nAsematie 23<br \/>\n(Oppilaskodintie 11)<br \/>\n02700 Kauniainen<br \/>\nPuh: (09) 505 6348<\/p>\n<\/div><\/section><\/div><\/p>\n\n<style type=\"text\/css\" data-created_by=\"avia_inline_auto\" id=\"style-css-av-2p08o-add9df1cb982bdd39ccf173d873b8d45\">\n.flex_column.av-2p08o-add9df1cb982bdd39ccf173d873b8d45{\nborder-radius:0px 0px 0px 0px;\npadding:30px 0px 0px 0px;\n}\n<\/style>\n<div  class='flex_column av-2p08o-add9df1cb982bdd39ccf173d873b8d45 av_one_full  avia-builder-el-5  el_after_av_one_fourth  el_before_av_google_map  avia-builder-el-last  first flex_column_div  column-top-margin'     ><\/div>\n<div  class='av_gmaps_sc_main_wrap av_gmaps_main_wrap '><div id='av_gmap_0' class='avia-google-map-container avia-google-map-sc av_gmaps_show_unconditionally av-no-fallback-img ' data-mapid='av_gmap_0'  style='height: 400px;'><a class=\"av_gmaps_browser_disabled av_text_confirm_link av_text_confirm_link_visible\" href=\"https:\/\/www.google.com\/maps\/search\/?api=1&#038;query=Asematie%2023%20%20Espoo%20%20finland\" target=\"_blank\">Maps were disabled by the visitor on this site. Click to open the map in a new window.<\/a><\/div><\/div>\n","protected":false},"excerpt":{"rendered":"","protected":false},"author":1,"featured_media":0,"parent":0,"menu_order":0,"comment_status":"closed","ping_status":"closed","template":"","meta":{"_acf_changed":false,"jetpack_post_was_ever_published":false,"footnotes":""},"tags":[],"class_list":["post-44","page","type-page","status-publish","hentry"],"acf":[],"yoast_head":"<!-- This site is optimized with the Yoast SEO plugin v27.3 - https:\/\/yoast.com\/product\/yoast-seo-wordpress\/ -->\n<title>Kotihalli &#187; GrIFK K\u00e4sipallo Naiset<\/title>\n<meta name=\"robots\" content=\"index, follow, max-snippet:-1, max-image-preview:large, max-video-preview:-1\" \/>\n<link rel=\"canonical\" href=\"https:\/\/grifk-handball.com\/naiset\/luola\/\" \/>\n<meta property=\"og:locale\" content=\"fi_FI\" \/>\n<meta property=\"og:type\" content=\"article\" \/>\n<meta property=\"og:title\" content=\"Kotihalli &#187; GrIFK K\u00e4sipallo Naiset\" \/>\n<meta property=\"og:url\" content=\"https:\/\/grifk-handball.com\/naiset\/luola\/\" \/>\n<meta property=\"og:site_name\" content=\"GrIFK K\u00e4sipallo Naiset\" \/>\n<meta property=\"article:publisher\" content=\"https:\/\/www.facebook.com\/532444520237680\" \/>\n<meta property=\"article:modified_time\" content=\"2025-09-08T06:55:15+00:00\" \/>\n<meta name=\"twitter:card\" content=\"summary_large_image\" \/>\n<meta name=\"twitter:label1\" content=\"Arvioitu lukuaika\" \/>\n\t<meta name=\"twitter:data1\" content=\"1 minuutti\" \/>\n<script type=\"application\/ld+json\" class=\"yoast-schema-graph\">{\"@context\":\"https:\\\/\\\/schema.org\",\"@graph\":[{\"@type\":\"WebPage\",\"@id\":\"https:\\\/\\\/grifk-handball.com\\\/naiset\\\/luola\\\/\",\"url\":\"https:\\\/\\\/grifk-handball.com\\\/naiset\\\/luola\\\/\",\"name\":\"Kotihalli &#187; GrIFK K\u00e4sipallo Naiset\",\"isPartOf\":{\"@id\":\"https:\\\/\\\/grifk-handball.com\\\/naiset\\\/#website\"},\"datePublished\":\"2016-07-03T20:40:08+00:00\",\"dateModified\":\"2025-09-08T06:55:15+00:00\",\"breadcrumb\":{\"@id\":\"https:\\\/\\\/grifk-handball.com\\\/naiset\\\/luola\\\/#breadcrumb\"},\"inLanguage\":\"fi\",\"potentialAction\":[{\"@type\":\"ReadAction\",\"target\":[\"https:\\\/\\\/grifk-handball.com\\\/naiset\\\/luola\\\/\"]}]},{\"@type\":\"BreadcrumbList\",\"@id\":\"https:\\\/\\\/grifk-handball.com\\\/naiset\\\/luola\\\/#breadcrumb\",\"itemListElement\":[{\"@type\":\"ListItem\",\"position\":1,\"name\":\"Home\",\"item\":\"https:\\\/\\\/grifk-handball.com\\\/naiset\\\/etusivu-2\\\/\"},{\"@type\":\"ListItem\",\"position\":2,\"name\":\"Kotihalli\"}]},{\"@type\":\"WebSite\",\"@id\":\"https:\\\/\\\/grifk-handball.com\\\/naiset\\\/#website\",\"url\":\"https:\\\/\\\/grifk-handball.com\\\/naiset\\\/\",\"name\":\"GrIFK K\u00e4sipallo Naiset\",\"description\":\"GrIFK K\u00e4sipallo Naiset\",\"potentialAction\":[{\"@type\":\"SearchAction\",\"target\":{\"@type\":\"EntryPoint\",\"urlTemplate\":\"https:\\\/\\\/grifk-handball.com\\\/naiset\\\/?s={search_term_string}\"},\"query-input\":{\"@type\":\"PropertyValueSpecification\",\"valueRequired\":true,\"valueName\":\"search_term_string\"}}],\"inLanguage\":\"fi\"}]}<\/script>\n<!-- \/ Yoast SEO plugin. -->","yoast_head_json":{"title":"Kotihalli &#187; GrIFK K\u00e4sipallo Naiset","robots":{"index":"index","follow":"follow","max-snippet":"max-snippet:-1","max-image-preview":"max-image-preview:large","max-video-preview":"max-video-preview:-1"},"canonical":"https:\/\/grifk-handball.com\/naiset\/luola\/","og_locale":"fi_FI","og_type":"article","og_title":"Kotihalli &#187; GrIFK K\u00e4sipallo Naiset","og_url":"https:\/\/grifk-handball.com\/naiset\/luola\/","og_site_name":"GrIFK K\u00e4sipallo Naiset","article_publisher":"https:\/\/www.facebook.com\/532444520237680","article_modified_time":"2025-09-08T06:55:15+00:00","twitter_card":"summary_large_image","twitter_misc":{"Arvioitu lukuaika":"1 minuutti"},"schema":{"@context":"https:\/\/schema.org","@graph":[{"@type":"WebPage","@id":"https:\/\/grifk-handball.com\/naiset\/luola\/","url":"https:\/\/grifk-handball.com\/naiset\/luola\/","name":"Kotihalli &#187; GrIFK K\u00e4sipallo Naiset","isPartOf":{"@id":"https:\/\/grifk-handball.com\/naiset\/#website"},"datePublished":"2016-07-03T20:40:08+00:00","dateModified":"2025-09-08T06:55:15+00:00","breadcrumb":{"@id":"https:\/\/grifk-handball.com\/naiset\/luola\/#breadcrumb"},"inLanguage":"fi","potentialAction":[{"@type":"ReadAction","target":["https:\/\/grifk-handball.com\/naiset\/luola\/"]}]},{"@type":"BreadcrumbList","@id":"https:\/\/grifk-handball.com\/naiset\/luola\/#breadcrumb","itemListElement":[{"@type":"ListItem","position":1,"name":"Home","item":"https:\/\/grifk-handball.com\/naiset\/etusivu-2\/"},{"@type":"ListItem","position":2,"name":"Kotihalli"}]},{"@type":"WebSite","@id":"https:\/\/grifk-handball.com\/naiset\/#website","url":"https:\/\/grifk-handball.com\/naiset\/","name":"GrIFK K\u00e4sipallo Naiset","description":"GrIFK K\u00e4sipallo Naiset","potentialAction":[{"@type":"SearchAction","target":{"@type":"EntryPoint","urlTemplate":"https:\/\/grifk-handball.com\/naiset\/?s={search_term_string}"},"query-input":{"@type":"PropertyValueSpecification","valueRequired":true,"valueName":"search_term_string"}}],"inLanguage":"fi"}]}},"jetpack_sharing_enabled":true,"_links":{"self":[{"href":"https:\/\/grifk-handball.com\/naiset\/wp-json\/wp\/v2\/pages\/44","targetHints":{"allow":["GET"]}}],"collection":[{"href":"https:\/\/grifk-handball.com\/naiset\/wp-json\/wp\/v2\/pages"}],"about":[{"href":"https:\/\/grifk-handball.com\/naiset\/wp-json\/wp\/v2\/types\/page"}],"author":[{"embeddable":true,"href":"https:\/\/grifk-handball.com\/naiset\/wp-json\/wp\/v2\/users\/1"}],"replies":[{"embeddable":true,"href":"https:\/\/grifk-handball.com\/naiset\/wp-json\/wp\/v2\/comments?post=44"}],"version-history":[{"count":11,"href":"https:\/\/grifk-handball.com\/naiset\/wp-json\/wp\/v2\/pages\/44\/revisions"}],"predecessor-version":[{"id":13180,"href":"https:\/\/grifk-handball.com\/naiset\/wp-json\/wp\/v2\/pages\/44\/revisions\/13180"}],"wp:attachment":[{"href":"https:\/\/grifk-handball.com\/naiset\/wp-json\/wp\/v2\/media?parent=44"}],"wp:term":[{"taxonomy":"post_tag","embeddable":true,"href":"https:\/\/grifk-handball.com\/naiset\/wp-json\/wp\/v2\/tags?post=44"}],"curies":[{"name":"wp","href":"https:\/\/api.w.org\/{rel}","templated":true}]}}