{"id":9159,"date":"2021-08-31T12:18:49","date_gmt":"2021-08-31T09:18:49","guid":{"rendered":"https:\/\/grifk-handball.com\/naiset\/?page_id=9159"},"modified":"2021-09-29T10:32:49","modified_gmt":"2021-09-29T07:32:49","slug":"corinna-jensen","status":"publish","type":"page","link":"https:\/\/grifk-handball.com\/naiset\/joukkue-2021-22\/corinna-jensen\/","title":{"rendered":"Corinna Jensen"},"content":{"rendered":"\n<style type=\"text\/css\" data-created_by=\"avia_inline_auto\" id=\"style-css-av-9dmnb1-278bc96489218fe14b862d306d74fd36\">\n.flex_column.av-9dmnb1-278bc96489218fe14b862d306d74fd36{\nborder-radius:0px 0px 0px 0px;\npadding:0px 0px 0px 0px;\n}\n<\/style>\n<div  class='flex_column av-9dmnb1-278bc96489218fe14b862d306d74fd36 av_one_half  avia-builder-el-0  el_before_av_one_half  avia-builder-el-first  first flex_column_div av-zero-column-padding  '     ><p>\n<style type=\"text\/css\" data-created_by=\"avia_inline_auto\" id=\"style-css-av-9wlqh5-fa83e88e7ec6f2a1b54137223207f39f\">\n#top .av-special-heading.av-9wlqh5-fa83e88e7ec6f2a1b54137223207f39f{\npadding-bottom:0;\n}\nbody .av-special-heading.av-9wlqh5-fa83e88e7ec6f2a1b54137223207f39f .av-special-heading-tag .heading-char{\nfont-size:25px;\n}\n.av-special-heading.av-9wlqh5-fa83e88e7ec6f2a1b54137223207f39f .av-subheading{\nfont-size:15px;\n}\n<\/style>\n<div  class='av-special-heading av-9wlqh5-fa83e88e7ec6f2a1b54137223207f39f av-special-heading-h2  avia-builder-el-1  el_before_av_heading  avia-builder-el-first  pelinumero'><h2 class='av-special-heading-tag '  itemprop=\"headline\"  >4<\/h2><div class=\"special-heading-border\"><div class=\"special-heading-inner-border\"><\/div><\/div><\/div><br \/>\n\n<style type=\"text\/css\" data-created_by=\"avia_inline_auto\" id=\"style-css-av-7j3w09-e33ad16d17d20f54d7daa12749787916\">\n#top .av-special-heading.av-7j3w09-e33ad16d17d20f54d7daa12749787916{\npadding-bottom:0;\n}\nbody .av-special-heading.av-7j3w09-e33ad16d17d20f54d7daa12749787916 .av-special-heading-tag .heading-char{\nfont-size:25px;\n}\n.av-special-heading.av-7j3w09-e33ad16d17d20f54d7daa12749787916 .av-subheading{\nfont-size:15px;\n}\n<\/style>\n<div  class='av-special-heading av-7j3w09-e33ad16d17d20f54d7daa12749787916 av-special-heading-h1 meta-heading  avia-builder-el-2  el_after_av_heading  el_before_av_heading  pelaajan-nimi'><h1 class='av-special-heading-tag '  itemprop=\"headline\"  >Corinna Jensen<\/h1><div class=\"special-heading-border\"><div class=\"special-heading-inner-border\"><\/div><\/div><\/div><br \/>\n\n<style type=\"text\/css\" data-created_by=\"avia_inline_auto\" id=\"style-css-av-6f5pbd-02a390fcb230f5d2510076dc2f73ad22\">\n#top .av-special-heading.av-6f5pbd-02a390fcb230f5d2510076dc2f73ad22{\npadding-bottom:10px;\n}\nbody .av-special-heading.av-6f5pbd-02a390fcb230f5d2510076dc2f73ad22 .av-special-heading-tag .heading-char{\nfont-size:25px;\n}\n.av-special-heading.av-6f5pbd-02a390fcb230f5d2510076dc2f73ad22 .av-subheading{\nfont-size:15px;\n}\n<\/style>\n<div  class='av-special-heading av-6f5pbd-02a390fcb230f5d2510076dc2f73ad22 av-special-heading-h3 blockquote modern-quote modern-centered  avia-builder-el-3  el_after_av_heading  el_before_av_animated_numbers '><h3 class='av-special-heading-tag '  itemprop=\"headline\"  >Pelipaikka:<\/h3><div class=\"special-heading-border\"><div class=\"special-heading-inner-border\"><\/div><\/div><\/div><br \/>\n<div  class=\"avia-animated-number av-jpi8c608-cff6bdba06c8fd67f9074634aec99cd1 av-force-default-color avia_animate_when_visible  avia-builder-el-4  el_after_av_heading  el_before_av_heading  \" data-timer=\"3000\"><strong class=\"heading avia-animated-number-title\"><span class=\"avia-no-number\">K<\/span><span class=\"avia-single-number __av-single-number\" data-number_format=\"\" data-number=\"6\" data-start_from=\"0\">6<\/span><\/strong><div class=\"avia-animated-number-content\"><\/div><\/div><br \/>\n\n<style type=\"text\/css\" data-created_by=\"avia_inline_auto\" id=\"style-css-av-3zr1zt-8ddf0cba624127d59646ed8c5b3c356a\">\n#top .av-special-heading.av-3zr1zt-8ddf0cba624127d59646ed8c5b3c356a{\npadding-bottom:10px;\n}\nbody .av-special-heading.av-3zr1zt-8ddf0cba624127d59646ed8c5b3c356a .av-special-heading-tag .heading-char{\nfont-size:25px;\n}\n.av-special-heading.av-3zr1zt-8ddf0cba624127d59646ed8c5b3c356a .av-subheading{\nfont-size:15px;\n}\n<\/style>\n<div  class='av-special-heading av-3zr1zt-8ddf0cba624127d59646ed8c5b3c356a av-special-heading-h3 blockquote modern-quote modern-centered  avia-builder-el-5  el_after_av_animated_numbers  el_before_av_animated_numbers '><h3 class='av-special-heading-tag '  itemprop=\"headline\"  >Syntym\u00e4p\u00e4iv\u00e4:<\/h3><div class=\"special-heading-border\"><div class=\"special-heading-inner-border\"><\/div><\/div><\/div><br \/>\n<div  class=\"avia-animated-number av-jpi8c608-2dee435ad17df552b3e088a7431d2a3e av-force-default-color avia_animate_when_visible  avia-builder-el-6  el_after_av_heading  el_before_av_heading  \" data-timer=\"3000\"><strong class=\"heading avia-animated-number-title\"><span class=\"avia-single-number __av-single-number\" data-number_format=\"\" data-number=\"02\" data-start_from=\"0\">02<\/span><span class=\"avia-no-number\">.<\/span><span class=\"avia-single-number __av-single-number\" data-number_format=\"\" data-number=\"07\" data-start_from=\"0\">07<\/span><span class=\"avia-no-number\">.<\/span><span class=\"avia-single-number __av-single-number\" data-number_format=\"\" data-number=\"1998\" data-start_from=\"0\">1998<\/span><\/strong><div class=\"avia-animated-number-content\"><\/div><\/div><br \/>\n\n<style type=\"text\/css\" data-created_by=\"avia_inline_auto\" id=\"style-css-av-2p210p-5918c6b9cdbe9763064cf02b92908ffd\">\n#top .av-special-heading.av-2p210p-5918c6b9cdbe9763064cf02b92908ffd{\npadding-bottom:10px;\n}\nbody .av-special-heading.av-2p210p-5918c6b9cdbe9763064cf02b92908ffd .av-special-heading-tag .heading-char{\nfont-size:25px;\n}\n.av-special-heading.av-2p210p-5918c6b9cdbe9763064cf02b92908ffd .av-subheading{\nfont-size:15px;\n}\n<\/style>\n<div  class='av-special-heading av-2p210p-5918c6b9cdbe9763064cf02b92908ffd av-special-heading-h3 blockquote modern-quote modern-centered  avia-builder-el-7  el_after_av_animated_numbers  el_before_av_animated_numbers '><h3 class='av-special-heading-tag '  itemprop=\"headline\"  >Pituus:<\/h3><div class=\"special-heading-border\"><div class=\"special-heading-inner-border\"><\/div><\/div><\/div><br \/>\n<div  class=\"avia-animated-number av-jpi8c608-6dcae01d868e3f1849bd0af7484171cc av-force-default-color avia_animate_when_visible  avia-builder-el-8  el_after_av_heading  avia-builder-el-last  \" data-timer=\"3000\"><strong class=\"heading avia-animated-number-title\"><span class=\"avia-single-number __av-single-number\" data-number_format=\"\" data-number=\"172\" data-start_from=\"0\">172<\/span><span class=\"avia-no-number\"> cm<\/span><\/strong><div class=\"avia-animated-number-content\"><\/div><\/div><\/p><\/div>\n<style type=\"text\/css\" data-created_by=\"avia_inline_auto\" id=\"style-css-av-6ui965-8e5d5b144d2d65b7ce0b6d7a1cb0fd4b\">\n.flex_column.av-6ui965-8e5d5b144d2d65b7ce0b6d7a1cb0fd4b{\nborder-radius:0px 0px 0px 0px;\npadding:0px 0px 0px 0px;\n}\n<\/style>\n<div  class='flex_column av-6ui965-8e5d5b144d2d65b7ce0b6d7a1cb0fd4b av_one_half  avia-builder-el-9  el_after_av_one_half  el_before_av_one_full  flex_column_div av-zero-column-padding  '     ><style type=\"text\/css\" data-created_by=\"avia_inline_auto\" id=\"style-css-av-jpi8e20b-43fc0ef9372385b7f6e1bdf4ab73bea4\">\n.avia-image-container.av-jpi8e20b-43fc0ef9372385b7f6e1bdf4ab73bea4 img.avia_image{\nbox-shadow:none;\n}\n.avia-image-container.av-jpi8e20b-43fc0ef9372385b7f6e1bdf4ab73bea4 .av-image-caption-overlay-center{\ncolor:#ffffff;\n}\n<\/style>\n<div  class='avia-image-container av-jpi8e20b-43fc0ef9372385b7f6e1bdf4ab73bea4 av-styling- av-img-linked avia-align-center  avia-builder-el-10  avia-builder-el-no-sibling '   itemprop=\"image\" itemscope=\"itemscope\" itemtype=\"https:\/\/schema.org\/ImageObject\" ><div class=\"avia-image-container-inner\"><div class=\"avia-image-overlay-wrap\"><a href=\"https:\/\/grifk-handball.com\/naiset\/wp-content\/uploads\/sites\/3\/2020\/10\/Jensen-686x1030.jpg\" class='avia_image '  aria-label='Jensen'><img decoding=\"async\" fetchpriority=\"high\" class='wp-image-8358 avia-img-lazy-loading-not-8358 avia_image ' src=\"https:\/\/grifk-handball.com\/naiset\/wp-content\/uploads\/sites\/3\/2020\/10\/Jensen-686x1030.jpg\" alt='' title='Jensen'  height=\"1030\" width=\"686\"  itemprop=\"thumbnailUrl\"  \/><\/a><\/div><\/div><\/div><\/div><\/p>\n<div class='flex_column_table av-jpi8fvn6-4573eb5ea75be01b7f28bda3c440eeee sc-av_one_full av-equal-height-column-flextable'>\n<style type=\"text\/css\" data-created_by=\"avia_inline_auto\" id=\"style-css-av-jpi8fvn6-4573eb5ea75be01b7f28bda3c440eeee\">\n.flex_column.av-jpi8fvn6-4573eb5ea75be01b7f28bda3c440eeee{\nborder-radius:0px 0px 0px 0px;\npadding:30px 30px 30px 30px;\nbackground:url(https:\/\/grifk-handball.com\/naiset\/wp-content\/uploads\/sites\/3\/2017\/08\/grifk_web-tausta_1-1030x644.jpg) 50% 50% no-repeat scroll ;\n}\n<\/style>\n<div  class='flex_column av-jpi8fvn6-4573eb5ea75be01b7f28bda3c440eeee av_one_full  avia-builder-el-11  el_after_av_one_half  el_before_av_one_half  first no_margin flex_column_table_cell av-equal-height-column av-align-bottom avia-full-stretch  column-top-margin'     ><section  class='av_textblock_section av-jpi8idqu-a3c8025c9b0df988ea8bcb139f7763b2 '   itemscope=\"itemscope\" itemtype=\"https:\/\/schema.org\/CreativeWork\" ><div class='avia_textblock'  itemprop=\"text\" ><p><b>Smeknamn<\/b><span style=\"font-weight: 400\">: Ninni<\/span><\/p>\n<p><b>Familj<\/b><span style=\"font-weight: 400\">: Mamma &amp; bror\u00a0<\/span><\/p>\n<p><b>Jobb\/ Studier: <\/b><span style=\"font-weight: 400\">Studerar till magister och jobbar deltid p\u00e5 Helsingfors universitet. Coachar Granis B-flickor.\u00a0<\/span><\/p>\n<p><b>Hur skulle du beskriva dig sj\u00e4lv:<\/b><span style=\"font-weight: 400\"> Energisk, t\u00e4vlingsinriktad och rolig. V\u00e4ldigt \u00f6dmjuk \u00e4r jag \u00e5x\u00e5 tydligen.\u00a0<\/span><\/p>\n<p><b>B\u00e4sta med handboll: <\/b><span style=\"font-weight: 400\">Samh\u00f6righeten med laget!<\/span><\/p>\n<p><b>Hur m\u00e5nga \u00e5r har du spelat handboll: <\/b><span style=\"font-weight: 400\">16 \u00e5r<\/span><\/p>\n<p><b>Hemlig talang:<\/b><span style=\"font-weight: 400\"> Kan (har kunnat?) l\u00f6sa en rubiks kub p\u00e5 under en minut<\/span><\/p>\n<p><b>Favorit\u2026<\/b><span style=\"font-weight: 400\">\u00a0<\/span><\/p>\n<p><b>Mat<\/b><span style=\"font-weight: 400\">: Tbh allt som inte inneh\u00e5ller tonfisk eller brysselk\u00e5l. \u00c4r en sucker f\u00f6r en riktigt bra hamburgare.<\/span><\/p>\n<p><b>\u00c5rstid<\/b><span style=\"font-weight: 400\">: Sommar utan tvekan!!!<\/span><\/p>\n<p><b>Uppv\u00e4rmning<\/b><span style=\"font-weight: 400\">: Fotboll \ud83d\ude42\u00a0<\/span><\/p>\n<\/div><\/section><\/div><\/div><!--close column table wrapper. Autoclose: 1 -->\n\n<style type=\"text\/css\" data-created_by=\"avia_inline_auto\" id=\"style-css-av-4kingd-3b68c1c3c3df6e1e3a5867b7e784ece8\">\n.flex_column.av-4kingd-3b68c1c3c3df6e1e3a5867b7e784ece8{\nborder-radius:0px 0px 0px 0px;\npadding:50px 30px 30px 30px;\n}\n<\/style>\n<div  class='flex_column av-4kingd-3b68c1c3c3df6e1e3a5867b7e784ece8 av_one_half  avia-builder-el-13  el_after_av_one_full  el_before_av_one_full  first flex_column_div  column-top-margin'     ><style type=\"text\/css\" data-created_by=\"avia_inline_auto\" id=\"style-css-av-kftm4q82-1b850d0e0a168a5375cb2ecb07ab4310\">\n#top .av-special-heading.av-kftm4q82-1b850d0e0a168a5375cb2ecb07ab4310{\npadding-bottom:10px;\n}\nbody .av-special-heading.av-kftm4q82-1b850d0e0a168a5375cb2ecb07ab4310 .av-special-heading-tag .heading-char{\nfont-size:25px;\n}\n.av-special-heading.av-kftm4q82-1b850d0e0a168a5375cb2ecb07ab4310 .av-subheading{\nfont-size:15px;\n}\n<\/style>\n<div  class='av-special-heading av-kftm4q82-1b850d0e0a168a5375cb2ecb07ab4310 av-special-heading-h3 blockquote modern-quote  avia-builder-el-14  avia-builder-el-no-sibling '><h3 class='av-special-heading-tag '  itemprop=\"headline\"  >Seurat:<\/h3><div class='av-subheading av-subheading_below'><p>GrIFK<br \/>\nSIF<\/p>\n<\/div><div class=\"special-heading-border\"><div class=\"special-heading-inner-border\"><\/div><\/div><\/div><\/div>\n<div class='flex_column_table av-1ykg71-fdc8ebe3d09e65a65f34670da50c8ec1 sc-av_one_full av-equal-height-column-flextable'>\n<style type=\"text\/css\" data-created_by=\"avia_inline_auto\" id=\"style-css-av-1ykg71-fdc8ebe3d09e65a65f34670da50c8ec1\">\n.flex_column.av-1ykg71-fdc8ebe3d09e65a65f34670da50c8ec1{\nborder-radius:0px 0px 0px 0px;\npadding:30px 30px 30px 30px;\n}\n<\/style>\n<div  class='flex_column av-1ykg71-fdc8ebe3d09e65a65f34670da50c8ec1 av_one_full  avia-builder-el-15  el_after_av_one_half  avia-builder-el-last  first no_margin flex_column_table_cell av-equal-height-column av-align-top  column-top-margin'     ><p>\n<style type=\"text\/css\" data-created_by=\"avia_inline_auto\" id=\"style-css-av-kftm7s9m-8aa9ecef88df0349a5812dcc2555bef5\">\n#top .av-special-heading.av-kftm7s9m-8aa9ecef88df0349a5812dcc2555bef5{\npadding-bottom:10px;\n}\nbody .av-special-heading.av-kftm7s9m-8aa9ecef88df0349a5812dcc2555bef5 .av-special-heading-tag .heading-char{\nfont-size:25px;\n}\n.av-special-heading.av-kftm7s9m-8aa9ecef88df0349a5812dcc2555bef5 .av-subheading{\nfont-size:15px;\n}\n<\/style>\n<div  class='av-special-heading av-kftm7s9m-8aa9ecef88df0349a5812dcc2555bef5 av-special-heading-h3 blockquote modern-quote  avia-builder-el-16  el_before_av_textblock  avia-builder-el-first '><h3 class='av-special-heading-tag '  itemprop=\"headline\"  >Tilastot:<\/h3><div class=\"special-heading-border\"><div class=\"special-heading-inner-border\"><\/div><\/div><\/div><br \/>\n<section  class='av_textblock_section av-jpi8idqu-0caa9bafe3f3634dd6ce19eaae1d6f4e '   itemscope=\"itemscope\" itemtype=\"https:\/\/schema.org\/CreativeWork\" ><div class='avia_textblock pelaajakortti-data'  itemprop=\"text\" ><p><a href=\"https:\/\/finnhandball.torneopal.fi\/taso\/widget.php?widget=player&amp;playerid=49054&amp;stats=1\">https:\/\/finnhandball.torneopal.fi\/taso\/widget.php?widget=player&amp;playerid=49054&amp;stats=1<\/a><\/p>\n<\/div><\/section><br \/>\n<section  class='av_textblock_section av-jpi8idqu-986f4cb636c919e3a17da3f13441999e '   itemscope=\"itemscope\" itemtype=\"https:\/\/schema.org\/CreativeWork\" ><div class='avia_textblock'  itemprop=\"text\" ><h5 style=\"text-align: right\"><a href=\"https:\/\/tulospalvelu.finnhandball.net\/taso\/pelaaja.php?pelaaja=49054\" target=\"blank\" rel=\"noopener\">Tarkemmat tilastot Tulospalvelussa &gt;<\/a><\/h5>\n<\/div><\/section><\/p><\/div><\/div><!--close column table wrapper. Autoclose: 1 -->\n","protected":false},"excerpt":{"rendered":"","protected":false},"author":6,"featured_media":9427,"parent":9121,"menu_order":4,"comment_status":"closed","ping_status":"closed","template":"","meta":{"_acf_changed":false,"jetpack_post_was_ever_published":false,"footnotes":""},"tags":[239],"class_list":["post-9159","page","type-page","status-publish","has-post-thumbnail","hentry","tag-pelaajat-2021-22"],"acf":[],"yoast_head":"<!-- This site is optimized with the Yoast SEO plugin v27.5 - https:\/\/yoast.com\/product\/yoast-seo-wordpress\/ -->\n<title>Corinna Jensen &#187; GrIFK K\u00e4sipallo Naiset<\/title>\n<meta name=\"robots\" content=\"index, follow, max-snippet:-1, max-image-preview:large, max-video-preview:-1\" \/>\n<link rel=\"canonical\" href=\"https:\/\/grifk-handball.com\/naiset\/joukkue-2021-22\/corinna-jensen\/\" \/>\n<meta property=\"og:locale\" content=\"fi_FI\" \/>\n<meta property=\"og:type\" content=\"article\" \/>\n<meta property=\"og:title\" content=\"Corinna Jensen &#187; GrIFK K\u00e4sipallo Naiset\" \/>\n<meta property=\"og:url\" content=\"https:\/\/grifk-handball.com\/naiset\/joukkue-2021-22\/corinna-jensen\/\" \/>\n<meta property=\"og:site_name\" content=\"GrIFK K\u00e4sipallo Naiset\" \/>\n<meta property=\"article:publisher\" content=\"https:\/\/www.facebook.com\/532444520237680\" \/>\n<meta property=\"article:modified_time\" content=\"2021-09-29T07:32:49+00:00\" \/>\n<meta property=\"og:image\" content=\"https:\/\/grifk-handball.com\/naiset\/wp-content\/uploads\/sites\/3\/2021\/09\/Jensen-685x1030.jpg\" \/>\n\t<meta property=\"og:image:width\" content=\"685\" \/>\n\t<meta property=\"og:image:height\" content=\"1030\" \/>\n\t<meta property=\"og:image:type\" content=\"image\/jpeg\" \/>\n<meta name=\"twitter:card\" content=\"summary_large_image\" \/>\n<meta name=\"twitter:label1\" content=\"Arvioitu lukuaika\" \/>\n\t<meta name=\"twitter:data1\" content=\"8 minuuttia\" \/>\n<script type=\"application\/ld+json\" class=\"yoast-schema-graph\">{\"@context\":\"https:\\\/\\\/schema.org\",\"@graph\":[{\"@type\":\"WebPage\",\"@id\":\"https:\\\/\\\/grifk-handball.com\\\/naiset\\\/joukkue-2021-22\\\/corinna-jensen\\\/\",\"url\":\"https:\\\/\\\/grifk-handball.com\\\/naiset\\\/joukkue-2021-22\\\/corinna-jensen\\\/\",\"name\":\"Corinna Jensen &#187; GrIFK K\u00e4sipallo Naiset\",\"isPartOf\":{\"@id\":\"https:\\\/\\\/grifk-handball.com\\\/naiset\\\/#website\"},\"primaryImageOfPage\":{\"@id\":\"https:\\\/\\\/grifk-handball.com\\\/naiset\\\/joukkue-2021-22\\\/corinna-jensen\\\/#primaryimage\"},\"image\":{\"@id\":\"https:\\\/\\\/grifk-handball.com\\\/naiset\\\/joukkue-2021-22\\\/corinna-jensen\\\/#primaryimage\"},\"thumbnailUrl\":\"https:\\\/\\\/grifk-handball.com\\\/naiset\\\/wp-content\\\/uploads\\\/sites\\\/3\\\/2021\\\/09\\\/Jensen-scaled.jpg\",\"datePublished\":\"2021-08-31T09:18:49+00:00\",\"dateModified\":\"2021-09-29T07:32:49+00:00\",\"breadcrumb\":{\"@id\":\"https:\\\/\\\/grifk-handball.com\\\/naiset\\\/joukkue-2021-22\\\/corinna-jensen\\\/#breadcrumb\"},\"inLanguage\":\"fi\",\"potentialAction\":[{\"@type\":\"ReadAction\",\"target\":[\"https:\\\/\\\/grifk-handball.com\\\/naiset\\\/joukkue-2021-22\\\/corinna-jensen\\\/\"]}]},{\"@type\":\"ImageObject\",\"inLanguage\":\"fi\",\"@id\":\"https:\\\/\\\/grifk-handball.com\\\/naiset\\\/joukkue-2021-22\\\/corinna-jensen\\\/#primaryimage\",\"url\":\"https:\\\/\\\/grifk-handball.com\\\/naiset\\\/wp-content\\\/uploads\\\/sites\\\/3\\\/2021\\\/09\\\/Jensen-scaled.jpg\",\"contentUrl\":\"https:\\\/\\\/grifk-handball.com\\\/naiset\\\/wp-content\\\/uploads\\\/sites\\\/3\\\/2021\\\/09\\\/Jensen-scaled.jpg\",\"width\":1704,\"height\":2560},{\"@type\":\"BreadcrumbList\",\"@id\":\"https:\\\/\\\/grifk-handball.com\\\/naiset\\\/joukkue-2021-22\\\/corinna-jensen\\\/#breadcrumb\",\"itemListElement\":[{\"@type\":\"ListItem\",\"position\":1,\"name\":\"Home\",\"item\":\"https:\\\/\\\/grifk-handball.com\\\/naiset\\\/etusivu-2\\\/\"},{\"@type\":\"ListItem\",\"position\":2,\"name\":\"Joukkue 2021-22\",\"item\":\"https:\\\/\\\/grifk-handball.com\\\/naiset\\\/joukkue-2021-22\\\/\"},{\"@type\":\"ListItem\",\"position\":3,\"name\":\"Corinna Jensen\"}]},{\"@type\":\"WebSite\",\"@id\":\"https:\\\/\\\/grifk-handball.com\\\/naiset\\\/#website\",\"url\":\"https:\\\/\\\/grifk-handball.com\\\/naiset\\\/\",\"name\":\"GrIFK K\u00e4sipallo Naiset\",\"description\":\"GrIFK K\u00e4sipallo Naiset\",\"potentialAction\":[{\"@type\":\"SearchAction\",\"target\":{\"@type\":\"EntryPoint\",\"urlTemplate\":\"https:\\\/\\\/grifk-handball.com\\\/naiset\\\/?s={search_term_string}\"},\"query-input\":{\"@type\":\"PropertyValueSpecification\",\"valueRequired\":true,\"valueName\":\"search_term_string\"}}],\"inLanguage\":\"fi\"}]}<\/script>\n<!-- \/ Yoast SEO plugin. -->","yoast_head_json":{"title":"Corinna Jensen &#187; GrIFK K\u00e4sipallo Naiset","robots":{"index":"index","follow":"follow","max-snippet":"max-snippet:-1","max-image-preview":"max-image-preview:large","max-video-preview":"max-video-preview:-1"},"canonical":"https:\/\/grifk-handball.com\/naiset\/joukkue-2021-22\/corinna-jensen\/","og_locale":"fi_FI","og_type":"article","og_title":"Corinna Jensen &#187; GrIFK K\u00e4sipallo Naiset","og_url":"https:\/\/grifk-handball.com\/naiset\/joukkue-2021-22\/corinna-jensen\/","og_site_name":"GrIFK K\u00e4sipallo Naiset","article_publisher":"https:\/\/www.facebook.com\/532444520237680","article_modified_time":"2021-09-29T07:32:49+00:00","og_image":[{"width":685,"height":1030,"url":"https:\/\/grifk-handball.com\/naiset\/wp-content\/uploads\/sites\/3\/2021\/09\/Jensen-685x1030.jpg","type":"image\/jpeg"}],"twitter_card":"summary_large_image","twitter_misc":{"Arvioitu lukuaika":"8 minuuttia"},"schema":{"@context":"https:\/\/schema.org","@graph":[{"@type":"WebPage","@id":"https:\/\/grifk-handball.com\/naiset\/joukkue-2021-22\/corinna-jensen\/","url":"https:\/\/grifk-handball.com\/naiset\/joukkue-2021-22\/corinna-jensen\/","name":"Corinna Jensen &#187; GrIFK K\u00e4sipallo Naiset","isPartOf":{"@id":"https:\/\/grifk-handball.com\/naiset\/#website"},"primaryImageOfPage":{"@id":"https:\/\/grifk-handball.com\/naiset\/joukkue-2021-22\/corinna-jensen\/#primaryimage"},"image":{"@id":"https:\/\/grifk-handball.com\/naiset\/joukkue-2021-22\/corinna-jensen\/#primaryimage"},"thumbnailUrl":"https:\/\/grifk-handball.com\/naiset\/wp-content\/uploads\/sites\/3\/2021\/09\/Jensen-scaled.jpg","datePublished":"2021-08-31T09:18:49+00:00","dateModified":"2021-09-29T07:32:49+00:00","breadcrumb":{"@id":"https:\/\/grifk-handball.com\/naiset\/joukkue-2021-22\/corinna-jensen\/#breadcrumb"},"inLanguage":"fi","potentialAction":[{"@type":"ReadAction","target":["https:\/\/grifk-handball.com\/naiset\/joukkue-2021-22\/corinna-jensen\/"]}]},{"@type":"ImageObject","inLanguage":"fi","@id":"https:\/\/grifk-handball.com\/naiset\/joukkue-2021-22\/corinna-jensen\/#primaryimage","url":"https:\/\/grifk-handball.com\/naiset\/wp-content\/uploads\/sites\/3\/2021\/09\/Jensen-scaled.jpg","contentUrl":"https:\/\/grifk-handball.com\/naiset\/wp-content\/uploads\/sites\/3\/2021\/09\/Jensen-scaled.jpg","width":1704,"height":2560},{"@type":"BreadcrumbList","@id":"https:\/\/grifk-handball.com\/naiset\/joukkue-2021-22\/corinna-jensen\/#breadcrumb","itemListElement":[{"@type":"ListItem","position":1,"name":"Home","item":"https:\/\/grifk-handball.com\/naiset\/etusivu-2\/"},{"@type":"ListItem","position":2,"name":"Joukkue 2021-22","item":"https:\/\/grifk-handball.com\/naiset\/joukkue-2021-22\/"},{"@type":"ListItem","position":3,"name":"Corinna Jensen"}]},{"@type":"WebSite","@id":"https:\/\/grifk-handball.com\/naiset\/#website","url":"https:\/\/grifk-handball.com\/naiset\/","name":"GrIFK K\u00e4sipallo Naiset","description":"GrIFK K\u00e4sipallo Naiset","potentialAction":[{"@type":"SearchAction","target":{"@type":"EntryPoint","urlTemplate":"https:\/\/grifk-handball.com\/naiset\/?s={search_term_string}"},"query-input":{"@type":"PropertyValueSpecification","valueRequired":true,"valueName":"search_term_string"}}],"inLanguage":"fi"}]}},"jetpack_sharing_enabled":true,"_links":{"self":[{"href":"https:\/\/grifk-handball.com\/naiset\/wp-json\/wp\/v2\/pages\/9159","targetHints":{"allow":["GET"]}}],"collection":[{"href":"https:\/\/grifk-handball.com\/naiset\/wp-json\/wp\/v2\/pages"}],"about":[{"href":"https:\/\/grifk-handball.com\/naiset\/wp-json\/wp\/v2\/types\/page"}],"author":[{"embeddable":true,"href":"https:\/\/grifk-handball.com\/naiset\/wp-json\/wp\/v2\/users\/6"}],"replies":[{"embeddable":true,"href":"https:\/\/grifk-handball.com\/naiset\/wp-json\/wp\/v2\/comments?post=9159"}],"version-history":[{"count":4,"href":"https:\/\/grifk-handball.com\/naiset\/wp-json\/wp\/v2\/pages\/9159\/revisions"}],"predecessor-version":[{"id":9479,"href":"https:\/\/grifk-handball.com\/naiset\/wp-json\/wp\/v2\/pages\/9159\/revisions\/9479"}],"up":[{"embeddable":true,"href":"https:\/\/grifk-handball.com\/naiset\/wp-json\/wp\/v2\/pages\/9121"}],"wp:featuredmedia":[{"embeddable":true,"href":"https:\/\/grifk-handball.com\/naiset\/wp-json\/wp\/v2\/media\/9427"}],"wp:attachment":[{"href":"https:\/\/grifk-handball.com\/naiset\/wp-json\/wp\/v2\/media?parent=9159"}],"wp:term":[{"taxonomy":"post_tag","embeddable":true,"href":"https:\/\/grifk-handball.com\/naiset\/wp-json\/wp\/v2\/tags?post=9159"}],"curies":[{"name":"wp","href":"https:\/\/api.w.org\/{rel}","templated":true}]}}