{"id":9168,"date":"2021-08-31T12:21:02","date_gmt":"2021-08-31T09:21:02","guid":{"rendered":"https:\/\/grifk-handball.com\/naiset\/?page_id=9168"},"modified":"2021-09-29T10:31:50","modified_gmt":"2021-09-29T07:31:50","slug":"moa-sjolund","status":"publish","type":"page","link":"https:\/\/grifk-handball.com\/naiset\/joukkue-2021-22\/moa-sjolund\/","title":{"rendered":"Moa Sj\u00f6lund"},"content":{"rendered":"\n<style type=\"text\/css\" data-created_by=\"avia_inline_auto\" id=\"style-css-av-9dmnb1-278bc96489218fe14b862d306d74fd36\">\n.flex_column.av-9dmnb1-278bc96489218fe14b862d306d74fd36{\nborder-radius:0px 0px 0px 0px;\npadding:0px 0px 0px 0px;\n}\n<\/style>\n<div  class='flex_column av-9dmnb1-278bc96489218fe14b862d306d74fd36 av_one_half  avia-builder-el-0  el_before_av_one_half  avia-builder-el-first  first flex_column_div av-zero-column-padding  '     ><p>\n<style type=\"text\/css\" data-created_by=\"avia_inline_auto\" id=\"style-css-av-8go42e-8aabc972c4afc97030c67ceab8c1e481\">\n#top .av-special-heading.av-8go42e-8aabc972c4afc97030c67ceab8c1e481{\npadding-bottom:0;\n}\nbody .av-special-heading.av-8go42e-8aabc972c4afc97030c67ceab8c1e481 .av-special-heading-tag .heading-char{\nfont-size:25px;\n}\n.av-special-heading.av-8go42e-8aabc972c4afc97030c67ceab8c1e481 .av-subheading{\nfont-size:15px;\n}\n<\/style>\n<div  class='av-special-heading av-8go42e-8aabc972c4afc97030c67ceab8c1e481 av-special-heading-h2  avia-builder-el-1  el_before_av_heading  avia-builder-el-first  pelinumero'><h2 class='av-special-heading-tag '  itemprop=\"headline\"  >11<\/h2><div class=\"special-heading-border\"><div class=\"special-heading-inner-border\"><\/div><\/div><\/div><br \/>\n\n<style type=\"text\/css\" data-created_by=\"avia_inline_auto\" id=\"style-css-av-85uvpy-bf5ec15201ff8be417d4356eb694f92b\">\n#top .av-special-heading.av-85uvpy-bf5ec15201ff8be417d4356eb694f92b{\npadding-bottom:0;\n}\nbody .av-special-heading.av-85uvpy-bf5ec15201ff8be417d4356eb694f92b .av-special-heading-tag .heading-char{\nfont-size:25px;\n}\n.av-special-heading.av-85uvpy-bf5ec15201ff8be417d4356eb694f92b .av-subheading{\nfont-size:15px;\n}\n<\/style>\n<div  class='av-special-heading av-85uvpy-bf5ec15201ff8be417d4356eb694f92b av-special-heading-h1 meta-heading  avia-builder-el-2  el_after_av_heading  el_before_av_heading  pelaajan-nimi'><h1 class='av-special-heading-tag '  itemprop=\"headline\"  >Moa Sj\u00f6lund<\/h1><div class=\"special-heading-border\"><div class=\"special-heading-inner-border\"><\/div><\/div><\/div><br \/>\n\n<style type=\"text\/css\" data-created_by=\"avia_inline_auto\" id=\"style-css-av-59zliu-a94a8d43f86c47ff94985ded96df8c56\">\n#top .av-special-heading.av-59zliu-a94a8d43f86c47ff94985ded96df8c56{\npadding-bottom:10px;\n}\nbody .av-special-heading.av-59zliu-a94a8d43f86c47ff94985ded96df8c56 .av-special-heading-tag .heading-char{\nfont-size:25px;\n}\n.av-special-heading.av-59zliu-a94a8d43f86c47ff94985ded96df8c56 .av-subheading{\nfont-size:15px;\n}\n<\/style>\n<div  class='av-special-heading av-59zliu-a94a8d43f86c47ff94985ded96df8c56 av-special-heading-h3 blockquote modern-quote modern-centered  avia-builder-el-3  el_after_av_heading  el_before_av_animated_numbers '><h3 class='av-special-heading-tag '  itemprop=\"headline\"  >Pelipaikka:<\/h3><div class=\"special-heading-border\"><div class=\"special-heading-inner-border\"><\/div><\/div><\/div><br \/>\n<div  class=\"avia-animated-number av-jpi8c608-7c5ff1c7bd98ef92564c5f21a1715eb8 av-force-default-color avia_animate_when_visible  avia-builder-el-4  el_after_av_heading  el_before_av_heading  \" data-timer=\"3000\"><strong class=\"heading avia-animated-number-title\"><span class=\"avia-no-number\">MV<\/span><\/strong><div class=\"avia-animated-number-content\"><\/div><\/div><br \/>\n\n<style type=\"text\/css\" data-created_by=\"avia_inline_auto\" id=\"style-css-av-4r2fx2-611c487df64de247096fb01c46f4fc21\">\n#top .av-special-heading.av-4r2fx2-611c487df64de247096fb01c46f4fc21{\npadding-bottom:10px;\n}\nbody .av-special-heading.av-4r2fx2-611c487df64de247096fb01c46f4fc21 .av-special-heading-tag .heading-char{\nfont-size:25px;\n}\n.av-special-heading.av-4r2fx2-611c487df64de247096fb01c46f4fc21 .av-subheading{\nfont-size:15px;\n}\n<\/style>\n<div  class='av-special-heading av-4r2fx2-611c487df64de247096fb01c46f4fc21 av-special-heading-h3 blockquote modern-quote modern-centered  avia-builder-el-5  el_after_av_animated_numbers  el_before_av_animated_numbers '><h3 class='av-special-heading-tag '  itemprop=\"headline\"  >Syntym\u00e4p\u00e4iv\u00e4:<\/h3><div class=\"special-heading-border\"><div class=\"special-heading-inner-border\"><\/div><\/div><\/div><br \/>\n<div  class=\"avia-animated-number av-jpi8c608-1531a70f56cdaa841ffa3bd4caec63cb av-force-default-color avia_animate_when_visible  avia-builder-el-6  el_after_av_heading  el_before_av_heading  \" data-timer=\"3000\"><strong class=\"heading avia-animated-number-title\"><span class=\"avia-single-number __av-single-number\" data-number_format=\"\" data-number=\"29\" data-start_from=\"0\">29<\/span><span class=\"avia-no-number\">.<\/span><span class=\"avia-single-number __av-single-number\" data-number_format=\"\" data-number=\"9\" data-start_from=\"0\">9<\/span><span class=\"avia-no-number\">.<\/span><span class=\"avia-single-number __av-single-number\" data-number_format=\"\" data-number=\"2002\" data-start_from=\"0\">2002<\/span><\/strong><div class=\"avia-animated-number-content\"><\/div><\/div><br \/>\n\n<style type=\"text\/css\" data-created_by=\"avia_inline_auto\" id=\"style-css-av-2fiwba-9e6a9e1343e77e3b9b4d6f776cbd7af1\">\n#top .av-special-heading.av-2fiwba-9e6a9e1343e77e3b9b4d6f776cbd7af1{\npadding-bottom:10px;\n}\nbody .av-special-heading.av-2fiwba-9e6a9e1343e77e3b9b4d6f776cbd7af1 .av-special-heading-tag .heading-char{\nfont-size:25px;\n}\n.av-special-heading.av-2fiwba-9e6a9e1343e77e3b9b4d6f776cbd7af1 .av-subheading{\nfont-size:15px;\n}\n<\/style>\n<div  class='av-special-heading av-2fiwba-9e6a9e1343e77e3b9b4d6f776cbd7af1 av-special-heading-h3 blockquote modern-quote modern-centered  avia-builder-el-7  el_after_av_animated_numbers  el_before_av_animated_numbers '><h3 class='av-special-heading-tag '  itemprop=\"headline\"  >Pituus:<\/h3><div class=\"special-heading-border\"><div class=\"special-heading-inner-border\"><\/div><\/div><\/div><br \/>\n<div  class=\"avia-animated-number av-jpi8c608-cb04031e138277302b51fda00e7205b7 av-force-default-color avia_animate_when_visible  avia-builder-el-8  el_after_av_heading  avia-builder-el-last  \" data-timer=\"3000\"><strong class=\"heading avia-animated-number-title\"><span class=\"avia-single-number __av-single-number\" data-number_format=\"\" data-number=\"175\" data-start_from=\"0\">175<\/span><span class=\"avia-no-number\"> cm<\/span><\/strong><div class=\"avia-animated-number-content\"><\/div><\/div><\/p><\/div>\n<style type=\"text\/css\" data-created_by=\"avia_inline_auto\" id=\"style-css-av-6ui965-8a52a274fe471668234c8eb2fa5786d4\">\n.flex_column.av-6ui965-8a52a274fe471668234c8eb2fa5786d4{\nborder-radius:0px 0px 0px 0px;\npadding:0px 0px 0px 0px;\n}\n<\/style>\n<div  class='flex_column av-6ui965-8a52a274fe471668234c8eb2fa5786d4 av_one_half  avia-builder-el-9  el_after_av_one_half  el_before_av_one_full  flex_column_div av-zero-column-padding  '     ><style type=\"text\/css\" data-created_by=\"avia_inline_auto\" id=\"style-css-av-jpi8e20b-1e89adee1023dc845477cc7e52a0b6fd\">\n.avia-image-container.av-jpi8e20b-1e89adee1023dc845477cc7e52a0b6fd img.avia_image{\nbox-shadow:none;\n}\n.avia-image-container.av-jpi8e20b-1e89adee1023dc845477cc7e52a0b6fd .av-image-caption-overlay-center{\ncolor:#ffffff;\n}\n<\/style>\n<div  class='avia-image-container av-jpi8e20b-1e89adee1023dc845477cc7e52a0b6fd av-styling- av-img-linked avia-align-center  avia-builder-el-10  avia-builder-el-no-sibling '   itemprop=\"image\" itemscope=\"itemscope\" itemtype=\"https:\/\/schema.org\/ImageObject\" ><div class=\"avia-image-container-inner\"><div class=\"avia-image-overlay-wrap\"><a href=\"https:\/\/grifk-handball.com\/naiset\/wp-content\/uploads\/sites\/3\/2021\/09\/11-Moa-Sjo\u0308lund-S-GrIFK-Naiset-685x1030.jpg\" data-srcset=\"https:\/\/grifk-handball.com\/naiset\/wp-content\/uploads\/sites\/3\/2021\/09\/11-Moa-Sjo\u0308lund-S-GrIFK-Naiset-685x1030.jpg 685w, https:\/\/grifk-handball.com\/naiset\/wp-content\/uploads\/sites\/3\/2021\/09\/11-Moa-Sjo\u0308lund-S-GrIFK-Naiset-200x300.jpg 200w, https:\/\/grifk-handball.com\/naiset\/wp-content\/uploads\/sites\/3\/2021\/09\/11-Moa-Sjo\u0308lund-S-GrIFK-Naiset-768x1154.jpg 768w, https:\/\/grifk-handball.com\/naiset\/wp-content\/uploads\/sites\/3\/2021\/09\/11-Moa-Sjo\u0308lund-S-GrIFK-Naiset-1022x1536.jpg 1022w, https:\/\/grifk-handball.com\/naiset\/wp-content\/uploads\/sites\/3\/2021\/09\/11-Moa-Sjo\u0308lund-S-GrIFK-Naiset-998x1500.jpg 998w, https:\/\/grifk-handball.com\/naiset\/wp-content\/uploads\/sites\/3\/2021\/09\/11-Moa-Sjo\u0308lund-S-GrIFK-Naiset-469x705.jpg 469w, https:\/\/grifk-handball.com\/naiset\/wp-content\/uploads\/sites\/3\/2021\/09\/11-Moa-Sjo\u0308lund-S-GrIFK-Naiset.jpg 1363w\" data-sizes=\"(max-width: 685px) 100vw, 685px\" class='avia_image '  aria-label='11 Moa Sjo\u0308lund S GrIFK Naiset'><img decoding=\"async\" fetchpriority=\"high\" class='wp-image-9325 avia-img-lazy-loading-not-9325 avia_image ' src=\"https:\/\/grifk-handball.com\/naiset\/wp-content\/uploads\/sites\/3\/2021\/09\/11-Moa-Sjo\u0308lund-S-GrIFK-Naiset-200x300.jpg\" alt='' title='11 Moa Sjo\u0308lund S GrIFK Naiset'  height=\"300\" width=\"200\"  itemprop=\"thumbnailUrl\" srcset=\"https:\/\/grifk-handball.com\/naiset\/wp-content\/uploads\/sites\/3\/2021\/09\/11-Moa-Sjo\u0308lund-S-GrIFK-Naiset-200x300.jpg 200w, https:\/\/grifk-handball.com\/naiset\/wp-content\/uploads\/sites\/3\/2021\/09\/11-Moa-Sjo\u0308lund-S-GrIFK-Naiset-685x1030.jpg 685w, https:\/\/grifk-handball.com\/naiset\/wp-content\/uploads\/sites\/3\/2021\/09\/11-Moa-Sjo\u0308lund-S-GrIFK-Naiset-768x1154.jpg 768w, https:\/\/grifk-handball.com\/naiset\/wp-content\/uploads\/sites\/3\/2021\/09\/11-Moa-Sjo\u0308lund-S-GrIFK-Naiset-1022x1536.jpg 1022w, https:\/\/grifk-handball.com\/naiset\/wp-content\/uploads\/sites\/3\/2021\/09\/11-Moa-Sjo\u0308lund-S-GrIFK-Naiset-998x1500.jpg 998w, https:\/\/grifk-handball.com\/naiset\/wp-content\/uploads\/sites\/3\/2021\/09\/11-Moa-Sjo\u0308lund-S-GrIFK-Naiset-469x705.jpg 469w, https:\/\/grifk-handball.com\/naiset\/wp-content\/uploads\/sites\/3\/2021\/09\/11-Moa-Sjo\u0308lund-S-GrIFK-Naiset.jpg 1363w\" sizes=\"(max-width: 200px) 100vw, 200px\" \/><\/a><\/div><\/div><\/div><\/div><div class='flex_column_table av-jpi8fvn6-4573eb5ea75be01b7f28bda3c440eeee sc-av_one_full av-equal-height-column-flextable'>\n<style type=\"text\/css\" data-created_by=\"avia_inline_auto\" id=\"style-css-av-jpi8fvn6-4573eb5ea75be01b7f28bda3c440eeee\">\n.flex_column.av-jpi8fvn6-4573eb5ea75be01b7f28bda3c440eeee{\nborder-radius:0px 0px 0px 0px;\npadding:30px 30px 30px 30px;\nbackground:url(https:\/\/grifk-handball.com\/naiset\/wp-content\/uploads\/sites\/3\/2017\/08\/grifk_web-tausta_1-1030x644.jpg) 50% 50% no-repeat scroll ;\n}\n<\/style>\n<div  class='flex_column av-jpi8fvn6-4573eb5ea75be01b7f28bda3c440eeee av_one_full  avia-builder-el-11  el_after_av_one_half  el_before_av_one_half  first no_margin flex_column_table_cell av-equal-height-column av-align-bottom avia-full-stretch  column-top-margin'     ><section  class='av_textblock_section av-jpi8idqu-a3c8025c9b0df988ea8bcb139f7763b2 '   itemscope=\"itemscope\" itemtype=\"https:\/\/schema.org\/CreativeWork\" ><div class='avia_textblock'  itemprop=\"text\" ><p><b>Smeknamn<\/b><span style=\"font-weight: 400\">: inget har riktigt n\u00e5nsin fastnat men n\u00e5gra som jag h\u00f6rt \u00e4r Moe, Muigeli, Muisku, Movitz (caras p\u00e5hitt\u2026)\u00a0<\/span><\/p>\n<p><b>Familj<\/b><span style=\"font-weight: 400\">: mamma, pappa, storebror, lillebror och hunden Shakira<\/span><\/p>\n<p><b>Jobb\/ Studier: <\/b><span style=\"font-weight: 400\">Sista \u00e5ret i Mattlidens gymnasium<\/span><\/p>\n<p><b>Hur skulle du beskriva dig sj\u00e4lv: <\/b><span style=\"font-weight: 400\">En solstr\u00e5le som alltid kommer f\u00f6r sent \ud83c\udf1e<\/span><\/p>\n<p><b>B\u00e4sta med handboll:<\/b><span style=\"font-weight: 400\"> Laget, att vinna och f\u00f6rst\u00e5s fotbollen p\u00e5 tr\u00e4ningarna! \u26bd\ufe0f<\/span><\/p>\n<p><b>Hur m\u00e5nga \u00e5r har du spelat handboll? <\/b><span style=\"font-weight: 400\">\u00a0B\u00f6rjade n\u00e4r jag var 6 s\u00e5 12 \u00e5r nu! \ud83e\udd3e\ud83c\udffc\u200d\u2640\ufe0f<\/span><\/p>\n<p><b>Om du skulle f\u00e5 10 000 \u20ac att spendera p\u00e5 en dag, vad skulle du g\u00f6ra? <\/b><span style=\"font-weight: 400\">Resa till n\u00e5got varmt land, kanske bjuda n\u00e5gon trevlig kompis med. Sippa p\u00e5 n\u00e5gra drinks p\u00e5 stranden och simma. Om det blir pengar \u00f6ver kan man kanske vara responsible och investera dom \ud83d\ude09\u00a0<\/span><\/p>\n<p><b>K\u00f6per du julklappar i god tid eller i sista sekunden? <\/b><span style=\"font-weight: 400\">Vanligtvis i tid, men det h\u00e4r \u00e5ret ha jag nog int k\u00f6pt en enda \u00e4nnu \ud83d\ude33<\/span><\/p>\n<p><b>This or that\u00a0<\/b><\/p>\n<p><b>Salt eller s\u00f6tt?<\/b><span style=\"font-weight: 400\"> S\u00f6tt all day everyday &lt;3<\/span><\/p>\n<p><b>Film eller serie? <\/b><span style=\"font-weight: 400\">Serie (tips tas emot \ud83d\ude09 ) \ud83c\udfa5<\/span><\/p>\n<p><b>Gym eller l\u00f6pning? <\/b>I<span style=\"font-weight: 400\">ngendera helst \ud83d\ude09<\/span><\/p>\n<\/div><\/section><\/div><\/div><!--close column table wrapper. Autoclose: 1 --><\/p>\n\n<style type=\"text\/css\" data-created_by=\"avia_inline_auto\" id=\"style-css-av-4kingd-3b68c1c3c3df6e1e3a5867b7e784ece8\">\n.flex_column.av-4kingd-3b68c1c3c3df6e1e3a5867b7e784ece8{\nborder-radius:0px 0px 0px 0px;\npadding:50px 30px 30px 30px;\n}\n<\/style>\n<div  class='flex_column av-4kingd-3b68c1c3c3df6e1e3a5867b7e784ece8 av_one_half  avia-builder-el-13  el_after_av_one_full  el_before_av_one_full  first flex_column_div  column-top-margin'     ><style type=\"text\/css\" data-created_by=\"avia_inline_auto\" id=\"style-css-av-kf89vpsl-d8c793b6b2ccac765d749643e741ab97\">\n#top .av-special-heading.av-kf89vpsl-d8c793b6b2ccac765d749643e741ab97{\npadding-bottom:10px;\n}\nbody .av-special-heading.av-kf89vpsl-d8c793b6b2ccac765d749643e741ab97 .av-special-heading-tag .heading-char{\nfont-size:25px;\n}\n.av-special-heading.av-kf89vpsl-d8c793b6b2ccac765d749643e741ab97 .av-subheading{\nfont-size:15px;\n}\n<\/style>\n<div  class='av-special-heading av-kf89vpsl-d8c793b6b2ccac765d749643e741ab97 av-special-heading-h3 blockquote modern-quote  avia-builder-el-14  avia-builder-el-no-sibling '><h3 class='av-special-heading-tag '  itemprop=\"headline\"  >Seurat:<\/h3><div class='av-subheading av-subheading_below'><p>GrIFK<br \/>\nDicken<\/p>\n<\/div><div class=\"special-heading-border\"><div class=\"special-heading-inner-border\"><\/div><\/div><\/div><\/div>\n<div class='flex_column_table av-1ykg71-fdc8ebe3d09e65a65f34670da50c8ec1 sc-av_one_full av-equal-height-column-flextable'>\n<style type=\"text\/css\" data-created_by=\"avia_inline_auto\" id=\"style-css-av-1ykg71-fdc8ebe3d09e65a65f34670da50c8ec1\">\n.flex_column.av-1ykg71-fdc8ebe3d09e65a65f34670da50c8ec1{\nborder-radius:0px 0px 0px 0px;\npadding:30px 30px 30px 30px;\n}\n<\/style>\n<div  class='flex_column av-1ykg71-fdc8ebe3d09e65a65f34670da50c8ec1 av_one_full  avia-builder-el-15  el_after_av_one_half  avia-builder-el-last  first no_margin flex_column_table_cell av-equal-height-column av-align-top  column-top-margin'     ><p>\n<style type=\"text\/css\" data-created_by=\"avia_inline_auto\" id=\"style-css-av-34yypi-5132a749a924b6f6e9bd5ec85ad1473a\">\n#top .av-special-heading.av-34yypi-5132a749a924b6f6e9bd5ec85ad1473a{\npadding-bottom:10px;\n}\nbody .av-special-heading.av-34yypi-5132a749a924b6f6e9bd5ec85ad1473a .av-special-heading-tag .heading-char{\nfont-size:25px;\n}\n.av-special-heading.av-34yypi-5132a749a924b6f6e9bd5ec85ad1473a .av-subheading{\nfont-size:15px;\n}\n<\/style>\n<div  class='av-special-heading av-34yypi-5132a749a924b6f6e9bd5ec85ad1473a av-special-heading-h3 blockquote modern-quote  avia-builder-el-16  el_before_av_textblock  avia-builder-el-first '><h3 class='av-special-heading-tag '  itemprop=\"headline\"  >Tilastot:<\/h3><div class=\"special-heading-border\"><div class=\"special-heading-inner-border\"><\/div><\/div><\/div><br \/>\n<section  class='av_textblock_section av-jpi8idqu-a2ad1ec7c82832ca3e54ba16b7eab356 '   itemscope=\"itemscope\" itemtype=\"https:\/\/schema.org\/CreativeWork\" ><div class='avia_textblock pelaajakortti-data'  itemprop=\"text\" ><p><a href=\"https:\/\/finnhandball.torneopal.fi\/taso\/widget.php?widget=player&amp;playerid=47595&amp;stats=1\">https:\/\/finnhandball.torneopal.fi\/taso\/widget.php?widget=player&amp;playerid=47595&amp;stats=1<\/a><\/p>\n<\/div><\/section><br \/>\n<section  class='av_textblock_section av-jpi8idqu-a3c8025c9b0df988ea8bcb139f7763b2 '   itemscope=\"itemscope\" itemtype=\"https:\/\/schema.org\/CreativeWork\" ><div class='avia_textblock'  itemprop=\"text\" ><h5 style=\"text-align: right\"><a href=\"https:\/\/tulospalvelu.finnhandball.net\/taso\/pelaaja.php?pelaaja=49907\" target=\"blank\" rel=\"noopener\">Tarkemmat tilastot Tulospalvelussa &gt;<\/a><\/h5>\n<\/div><\/section><\/p><\/div><\/div><!--close column table wrapper. Autoclose: 1 -->\n","protected":false},"excerpt":{"rendered":"","protected":false},"author":6,"featured_media":9476,"parent":9121,"menu_order":11,"comment_status":"closed","ping_status":"closed","template":"","meta":{"_acf_changed":false,"footnotes":""},"tags":[239],"class_list":["post-9168","page","type-page","status-publish","has-post-thumbnail","hentry","tag-pelaajat-2021-22"],"acf":[],"yoast_head":"<!-- This site is optimized with the Yoast SEO plugin v27.6 - https:\/\/yoast.com\/product\/yoast-seo-wordpress\/ -->\n<title>Moa Sj\u00f6lund &#187; GrIFK K\u00e4sipallo Naiset<\/title>\n<meta name=\"robots\" content=\"index, follow, max-snippet:-1, max-image-preview:large, max-video-preview:-1\" \/>\n<link rel=\"canonical\" href=\"https:\/\/grifk-handball.com\/naiset\/joukkue-2021-22\/moa-sjolund\/\" \/>\n<meta property=\"og:locale\" content=\"fi_FI\" \/>\n<meta property=\"og:type\" content=\"article\" \/>\n<meta property=\"og:title\" content=\"Moa Sj\u00f6lund &#187; GrIFK K\u00e4sipallo Naiset\" \/>\n<meta property=\"og:url\" content=\"https:\/\/grifk-handball.com\/naiset\/joukkue-2021-22\/moa-sjolund\/\" \/>\n<meta property=\"og:site_name\" content=\"GrIFK K\u00e4sipallo Naiset\" \/>\n<meta property=\"article:publisher\" content=\"https:\/\/www.facebook.com\/532444520237680\" \/>\n<meta property=\"article:modified_time\" content=\"2021-09-29T07:31:50+00:00\" \/>\n<meta property=\"og:image\" content=\"https:\/\/grifk-handball.com\/naiset\/wp-content\/uploads\/sites\/3\/2021\/09\/Sjo\u0308lund-1-685x1030.jpg\" \/>\n\t<meta property=\"og:image:width\" content=\"685\" \/>\n\t<meta property=\"og:image:height\" content=\"1030\" \/>\n\t<meta property=\"og:image:type\" content=\"image\/jpeg\" \/>\n<meta name=\"twitter:card\" content=\"summary_large_image\" \/>\n<meta name=\"twitter:label1\" content=\"Arvioitu lukuaika\" \/>\n\t<meta name=\"twitter:data1\" content=\"9 minuuttia\" \/>\n<script type=\"application\/ld+json\" class=\"yoast-schema-graph\">{\"@context\":\"https:\\\/\\\/schema.org\",\"@graph\":[{\"@type\":\"WebPage\",\"@id\":\"https:\\\/\\\/grifk-handball.com\\\/naiset\\\/joukkue-2021-22\\\/moa-sjolund\\\/\",\"url\":\"https:\\\/\\\/grifk-handball.com\\\/naiset\\\/joukkue-2021-22\\\/moa-sjolund\\\/\",\"name\":\"Moa Sj\u00f6lund &#187; GrIFK K\u00e4sipallo Naiset\",\"isPartOf\":{\"@id\":\"https:\\\/\\\/grifk-handball.com\\\/naiset\\\/#website\"},\"primaryImageOfPage\":{\"@id\":\"https:\\\/\\\/grifk-handball.com\\\/naiset\\\/joukkue-2021-22\\\/moa-sjolund\\\/#primaryimage\"},\"image\":{\"@id\":\"https:\\\/\\\/grifk-handball.com\\\/naiset\\\/joukkue-2021-22\\\/moa-sjolund\\\/#primaryimage\"},\"thumbnailUrl\":\"https:\\\/\\\/grifk-handball.com\\\/naiset\\\/wp-content\\\/uploads\\\/sites\\\/3\\\/2021\\\/09\\\/Sjo\u0308lund-1-scaled.jpg\",\"datePublished\":\"2021-08-31T09:21:02+00:00\",\"dateModified\":\"2021-09-29T07:31:50+00:00\",\"breadcrumb\":{\"@id\":\"https:\\\/\\\/grifk-handball.com\\\/naiset\\\/joukkue-2021-22\\\/moa-sjolund\\\/#breadcrumb\"},\"inLanguage\":\"fi\",\"potentialAction\":[{\"@type\":\"ReadAction\",\"target\":[\"https:\\\/\\\/grifk-handball.com\\\/naiset\\\/joukkue-2021-22\\\/moa-sjolund\\\/\"]}]},{\"@type\":\"ImageObject\",\"inLanguage\":\"fi\",\"@id\":\"https:\\\/\\\/grifk-handball.com\\\/naiset\\\/joukkue-2021-22\\\/moa-sjolund\\\/#primaryimage\",\"url\":\"https:\\\/\\\/grifk-handball.com\\\/naiset\\\/wp-content\\\/uploads\\\/sites\\\/3\\\/2021\\\/09\\\/Sjo\u0308lund-1-scaled.jpg\",\"contentUrl\":\"https:\\\/\\\/grifk-handball.com\\\/naiset\\\/wp-content\\\/uploads\\\/sites\\\/3\\\/2021\\\/09\\\/Sjo\u0308lund-1-scaled.jpg\",\"width\":1703,\"height\":2560},{\"@type\":\"BreadcrumbList\",\"@id\":\"https:\\\/\\\/grifk-handball.com\\\/naiset\\\/joukkue-2021-22\\\/moa-sjolund\\\/#breadcrumb\",\"itemListElement\":[{\"@type\":\"ListItem\",\"position\":1,\"name\":\"Home\",\"item\":\"https:\\\/\\\/grifk-handball.com\\\/naiset\\\/etusivu-2\\\/\"},{\"@type\":\"ListItem\",\"position\":2,\"name\":\"Joukkue 2021-22\",\"item\":\"https:\\\/\\\/grifk-handball.com\\\/naiset\\\/joukkue-2021-22\\\/\"},{\"@type\":\"ListItem\",\"position\":3,\"name\":\"Moa Sj\u00f6lund\"}]},{\"@type\":\"WebSite\",\"@id\":\"https:\\\/\\\/grifk-handball.com\\\/naiset\\\/#website\",\"url\":\"https:\\\/\\\/grifk-handball.com\\\/naiset\\\/\",\"name\":\"GrIFK K\u00e4sipallo Naiset\",\"description\":\"GrIFK K\u00e4sipallo Naiset\",\"potentialAction\":[{\"@type\":\"SearchAction\",\"target\":{\"@type\":\"EntryPoint\",\"urlTemplate\":\"https:\\\/\\\/grifk-handball.com\\\/naiset\\\/?s={search_term_string}\"},\"query-input\":{\"@type\":\"PropertyValueSpecification\",\"valueRequired\":true,\"valueName\":\"search_term_string\"}}],\"inLanguage\":\"fi\"}]}<\/script>\n<!-- \/ Yoast SEO plugin. -->","yoast_head_json":{"title":"Moa Sj\u00f6lund &#187; GrIFK K\u00e4sipallo Naiset","robots":{"index":"index","follow":"follow","max-snippet":"max-snippet:-1","max-image-preview":"max-image-preview:large","max-video-preview":"max-video-preview:-1"},"canonical":"https:\/\/grifk-handball.com\/naiset\/joukkue-2021-22\/moa-sjolund\/","og_locale":"fi_FI","og_type":"article","og_title":"Moa Sj\u00f6lund &#187; GrIFK K\u00e4sipallo Naiset","og_url":"https:\/\/grifk-handball.com\/naiset\/joukkue-2021-22\/moa-sjolund\/","og_site_name":"GrIFK K\u00e4sipallo Naiset","article_publisher":"https:\/\/www.facebook.com\/532444520237680","article_modified_time":"2021-09-29T07:31:50+00:00","og_image":[{"width":685,"height":1030,"url":"https:\/\/grifk-handball.com\/naiset\/wp-content\/uploads\/sites\/3\/2021\/09\/Sjo\u0308lund-1-685x1030.jpg","type":"image\/jpeg"}],"twitter_card":"summary_large_image","twitter_misc":{"Arvioitu lukuaika":"9 minuuttia"},"schema":{"@context":"https:\/\/schema.org","@graph":[{"@type":"WebPage","@id":"https:\/\/grifk-handball.com\/naiset\/joukkue-2021-22\/moa-sjolund\/","url":"https:\/\/grifk-handball.com\/naiset\/joukkue-2021-22\/moa-sjolund\/","name":"Moa Sj\u00f6lund &#187; GrIFK K\u00e4sipallo Naiset","isPartOf":{"@id":"https:\/\/grifk-handball.com\/naiset\/#website"},"primaryImageOfPage":{"@id":"https:\/\/grifk-handball.com\/naiset\/joukkue-2021-22\/moa-sjolund\/#primaryimage"},"image":{"@id":"https:\/\/grifk-handball.com\/naiset\/joukkue-2021-22\/moa-sjolund\/#primaryimage"},"thumbnailUrl":"https:\/\/grifk-handball.com\/naiset\/wp-content\/uploads\/sites\/3\/2021\/09\/Sjo\u0308lund-1-scaled.jpg","datePublished":"2021-08-31T09:21:02+00:00","dateModified":"2021-09-29T07:31:50+00:00","breadcrumb":{"@id":"https:\/\/grifk-handball.com\/naiset\/joukkue-2021-22\/moa-sjolund\/#breadcrumb"},"inLanguage":"fi","potentialAction":[{"@type":"ReadAction","target":["https:\/\/grifk-handball.com\/naiset\/joukkue-2021-22\/moa-sjolund\/"]}]},{"@type":"ImageObject","inLanguage":"fi","@id":"https:\/\/grifk-handball.com\/naiset\/joukkue-2021-22\/moa-sjolund\/#primaryimage","url":"https:\/\/grifk-handball.com\/naiset\/wp-content\/uploads\/sites\/3\/2021\/09\/Sjo\u0308lund-1-scaled.jpg","contentUrl":"https:\/\/grifk-handball.com\/naiset\/wp-content\/uploads\/sites\/3\/2021\/09\/Sjo\u0308lund-1-scaled.jpg","width":1703,"height":2560},{"@type":"BreadcrumbList","@id":"https:\/\/grifk-handball.com\/naiset\/joukkue-2021-22\/moa-sjolund\/#breadcrumb","itemListElement":[{"@type":"ListItem","position":1,"name":"Home","item":"https:\/\/grifk-handball.com\/naiset\/etusivu-2\/"},{"@type":"ListItem","position":2,"name":"Joukkue 2021-22","item":"https:\/\/grifk-handball.com\/naiset\/joukkue-2021-22\/"},{"@type":"ListItem","position":3,"name":"Moa Sj\u00f6lund"}]},{"@type":"WebSite","@id":"https:\/\/grifk-handball.com\/naiset\/#website","url":"https:\/\/grifk-handball.com\/naiset\/","name":"GrIFK K\u00e4sipallo Naiset","description":"GrIFK K\u00e4sipallo Naiset","potentialAction":[{"@type":"SearchAction","target":{"@type":"EntryPoint","urlTemplate":"https:\/\/grifk-handball.com\/naiset\/?s={search_term_string}"},"query-input":{"@type":"PropertyValueSpecification","valueRequired":true,"valueName":"search_term_string"}}],"inLanguage":"fi"}]}},"jetpack_sharing_enabled":true,"_links":{"self":[{"href":"https:\/\/grifk-handball.com\/naiset\/wp-json\/wp\/v2\/pages\/9168","targetHints":{"allow":["GET"]}}],"collection":[{"href":"https:\/\/grifk-handball.com\/naiset\/wp-json\/wp\/v2\/pages"}],"about":[{"href":"https:\/\/grifk-handball.com\/naiset\/wp-json\/wp\/v2\/types\/page"}],"author":[{"embeddable":true,"href":"https:\/\/grifk-handball.com\/naiset\/wp-json\/wp\/v2\/users\/6"}],"replies":[{"embeddable":true,"href":"https:\/\/grifk-handball.com\/naiset\/wp-json\/wp\/v2\/comments?post=9168"}],"version-history":[{"count":4,"href":"https:\/\/grifk-handball.com\/naiset\/wp-json\/wp\/v2\/pages\/9168\/revisions"}],"predecessor-version":[{"id":9474,"href":"https:\/\/grifk-handball.com\/naiset\/wp-json\/wp\/v2\/pages\/9168\/revisions\/9474"}],"up":[{"embeddable":true,"href":"https:\/\/grifk-handball.com\/naiset\/wp-json\/wp\/v2\/pages\/9121"}],"wp:featuredmedia":[{"embeddable":true,"href":"https:\/\/grifk-handball.com\/naiset\/wp-json\/wp\/v2\/media\/9476"}],"wp:attachment":[{"href":"https:\/\/grifk-handball.com\/naiset\/wp-json\/wp\/v2\/media?parent=9168"}],"wp:term":[{"taxonomy":"post_tag","embeddable":true,"href":"https:\/\/grifk-handball.com\/naiset\/wp-json\/wp\/v2\/tags?post=9168"}],"curies":[{"name":"wp","href":"https:\/\/api.w.org\/{rel}","templated":true}]}}